Last updated on 2025-05-03 21:51:23 CEST.
Flavor | Version | Tinstall | Tcheck | Ttotal | Status | Flags |
---|---|---|---|---|---|---|
r-devel-linux-x86_64-debian-clang | 1.0-10.1 | 5.00 | 45.14 | 50.14 | NOTE | |
r-devel-linux-x86_64-debian-gcc | 1.0-10.1 | 3.23 | 34.04 | 37.27 | NOTE | |
r-devel-linux-x86_64-fedora-clang | 1.0-10.1 | 80.88 | OK | |||
r-devel-linux-x86_64-fedora-gcc | 1.0-10.1 | 79.94 | OK | |||
r-devel-windows-x86_64 | 1.0-10.1 | 5.00 | 72.00 | 77.00 | OK | |
r-patched-linux-x86_64 | 1.0-10.1 | 4.63 | 43.12 | 47.75 | OK | |
r-release-linux-x86_64 | OK | |||||
r-release-macos-arm64 | 1.0-10.1 | 41.00 | OK | |||
r-release-macos-x86_64 | 1.0-10.1 | 47.00 | OK | |||
r-release-windows-x86_64 | 1.0-10.1 | 5.00 | 72.00 | 77.00 | OK | |
r-oldrel-macos-arm64 | 1.0-10.1 | 24.00 | OK | |||
r-oldrel-macos-x86_64 | 1.0-10.1 | 57.00 | OK | |||
r-oldrel-windows-x86_64 | 1.0-10.1 | 5.00 | 81.00 | 86.00 | OK |
Version: 1.0-10.1
Check: CRAN incoming feasibility
Result: NOTE
Maintainer: ‘Bjoern Bornkamp <bornkamp@statistik.tu-dortmund.de>’
No Authors@R field in DESCRIPTION.
Please add one, modifying
Authors@R: c(person(given = "Bjoern",
family = "Bornkamp",
role = c("aut", "cre"),
email = "bornkamp@statistik.tu-dortmund.de"),
person(given = "Jose",
family = "Pinheiro",
role = "aut"),
person(given = "Frank",
family = "Bretz",
role = "aut"))
as necessary.
Package CITATION file contains call(s) to old-style personList() or
as.personList(). Please use c() on person objects instead.
Flavors: r-devel-linux-x86_64-debian-clang, r-devel-linux-x86_64-debian-gcc