Last updated on 2024-04-24 20:54:12 CEST.
Flavor | Version | Tinstall | Tcheck | Ttotal | Status | Flags |
---|---|---|---|---|---|---|
r-devel-linux-x86_64-debian-clang | 0.16.3 | 7.59 | 93.11 | 100.70 | NOTE | |
r-devel-linux-x86_64-debian-gcc | 0.16.3 | 6.55 | 69.38 | 75.93 | NOTE | |
r-devel-linux-x86_64-fedora-clang | 0.16.3 | 126.68 | NOTE | |||
r-devel-linux-x86_64-fedora-gcc | 0.16.3 | 115.30 | NOTE | |||
r-devel-windows-x86_64 | 0.16.3 | 7.00 | 81.00 | 88.00 | NOTE | |
r-patched-linux-x86_64 | 0.16.3 | 4.48 | 85.47 | 89.95 | NOTE | |
r-release-linux-x86_64 | 0.16.3 | 4.60 | 83.77 | 88.37 | NOTE | |
r-release-macos-arm64 | 0.16.3 | 37.00 | NOTE | |||
r-release-windows-x86_64 | 0.16.3 | 7.00 | 80.00 | 87.00 | NOTE | |
r-oldrel-macos-arm64 | 0.16.3 | 38.00 | NOTE | |||
r-oldrel-macos-x86_64 | 0.16.3 | 75.00 | NOTE | |||
r-oldrel-windows-x86_64 | 0.16.3 | 9.00 | 95.00 | 104.00 | NOTE |
Version: 0.16.3
Check: package dependencies
Result: NOTE
Package suggested but not available for checking: ‘cmdstanr’
Flavors: r-devel-linux-x86_64-debian-clang, r-devel-linux-x86_64-debian-gcc, r-devel-linux-x86_64-fedora-clang, r-devel-linux-x86_64-fedora-gcc, r-devel-windows-x86_64, r-patched-linux-x86_64, r-release-linux-x86_64, r-release-macos-arm64, r-release-windows-x86_64, r-oldrel-macos-arm64, r-oldrel-macos-x86_64, r-oldrel-windows-x86_64