Last updated on 2024-07-26 20:50:03 CEST.
Flavor | Version | Tinstall | Tcheck | Ttotal | Status | Flags |
---|---|---|---|---|---|---|
r-devel-linux-x86_64-debian-clang | 1.3.3 | 3.10 | 69.08 | 72.18 | OK | |
r-devel-linux-x86_64-debian-gcc | 1.3.3 | 2.87 | 48.42 | 51.29 | OK | |
r-devel-linux-x86_64-fedora-clang | 1.3.3 | 87.28 | NOTE | |||
r-devel-linux-x86_64-fedora-gcc | 1.3.3 | 88.54 | NOTE | |||
r-devel-windows-x86_64 | 1.3.3 | 5.00 | 72.00 | 77.00 | OK | |
r-patched-linux-x86_64 | 1.3.3 | OK | ||||
r-release-linux-x86_64 | 1.3.3 | 3.48 | 64.60 | 68.08 | OK | |
r-release-macos-arm64 | 1.3.3 | 25.00 | OK | |||
r-release-macos-x86_64 | 1.3.3 | 65.00 | OK | |||
r-release-windows-x86_64 | 1.3.3 | 5.00 | 70.00 | 75.00 | OK | |
r-oldrel-macos-arm64 | 1.3.3 | 26.00 | OK | |||
r-oldrel-macos-x86_64 | 1.3.3 | 43.00 | OK | |||
r-oldrel-windows-x86_64 | 1.3.3 | 5.00 | 81.00 | 86.00 | OK |
Version: 1.3.3
Check: data for non-ASCII characters
Result: NOTE
Note: found 46 marked UTF-8 strings
Flavors: r-devel-linux-x86_64-fedora-clang, r-devel-linux-x86_64-fedora-gcc