Last updated on 2024-04-18 21:56:56 CEST.
Flavor | Version | Tinstall | Tcheck | Ttotal | Status | Flags |
---|---|---|---|---|---|---|
r-devel-linux-x86_64-debian-clang | 0.1.0 | 2.25 | 24.92 | 27.17 | NOTE | |
r-devel-linux-x86_64-debian-gcc | 0.1.0 | 1.92 | 19.17 | 21.09 | NOTE | |
r-devel-linux-x86_64-fedora-clang | 0.1.0 | 33.63 | NOTE | |||
r-devel-linux-x86_64-fedora-gcc | 0.1.0 | 32.21 | NOTE | |||
r-prerel-macos-arm64 | 0.1.0 | 17.00 | NOTE | |||
r-prerel-windows-x86_64 | 0.1.0 | 3.00 | 41.00 | 44.00 | NOTE | |
r-patched-linux-x86_64 | 0.1.0 | 2.45 | 24.13 | 26.58 | NOTE | |
r-release-linux-x86_64 | 0.1.0 | 2.13 | 23.59 | 25.72 | NOTE | |
r-release-macos-arm64 | 0.1.0 | 16.00 | NOTE | |||
r-release-macos-x86_64 | 0.1.0 | 20.00 | NOTE | |||
r-release-windows-x86_64 | 0.1.0 | 3.00 | 46.00 | 49.00 | NOTE | |
r-oldrel-macos-arm64 | 0.1.0 | 20.00 | NOTE | |||
r-oldrel-windows-x86_64 | 0.1.0 | 4.00 | 45.00 | 49.00 | NOTE |
Version: 0.1.0
Check: LazyData
Result: NOTE
'LazyData' is specified without a 'data' directory
Flavors: r-devel-linux-x86_64-debian-clang, r-devel-linux-x86_64-debian-gcc, r-devel-linux-x86_64-fedora-clang, r-devel-linux-x86_64-fedora-gcc, r-prerel-macos-arm64, r-prerel-windows-x86_64, r-patched-linux-x86_64, r-release-linux-x86_64, r-release-macos-arm64, r-release-macos-x86_64, r-release-windows-x86_64, r-oldrel-macos-arm64, r-oldrel-windows-x86_64