Last updated on 2024-04-19 20:56:42 CEST.
Flavor | Version | Tinstall | Tcheck | Ttotal | Status | Flags |
---|---|---|---|---|---|---|
r-devel-linux-x86_64-debian-clang | 1.3.2 | 78.06 | 200.98 | 279.04 | OK | |
r-devel-linux-x86_64-debian-gcc | 1.3.2 | OK | ||||
r-devel-linux-x86_64-fedora-clang | 1.3.2 | 261.58 | NOTE | |||
r-devel-linux-x86_64-fedora-gcc | 1.3.2 | 400.31 | OK | |||
r-prerel-macos-arm64 | 1.3.2 | 80.00 | NOTE | |||
r-prerel-windows-x86_64 | 1.3.2 | 80.00 | 192.00 | 272.00 | NOTE | |
r-patched-linux-x86_64 | 1.3.2 | 75.39 | 198.87 | 274.26 | OK | |
r-release-linux-x86_64 | 1.3.2 | 74.95 | 202.74 | 277.69 | OK | |
r-release-macos-arm64 | 1.3.2 | 122.00 | NOTE | |||
r-release-macos-x86_64 | 1.3.2 | 277.00 | NOTE | |||
r-release-windows-x86_64 | 1.3.2 | 101.00 | 244.00 | 345.00 | NOTE | |
r-oldrel-macos-arm64 | 1.3.2 | 74.00 | NOTE | |||
r-oldrel-windows-x86_64 | 1.3.2 | 83.00 | 239.00 | 322.00 | NOTE |
Version: 1.3.2
Check: package dependencies
Result: NOTE
Packages suggested but not available for checking:
'SeqArray', 'SeqVarTools'
Flavors: r-devel-linux-x86_64-fedora-clang, r-prerel-macos-arm64
Version: 1.3.2
Check: installed package size
Result: NOTE
installed size is 6.7Mb
sub-directories of 1Mb or more:
libs 5.0Mb
Flavors: r-prerel-macos-arm64, r-release-macos-arm64, r-release-macos-x86_64, r-oldrel-macos-arm64
Version: 1.3.2
Check: package dependencies
Result: NOTE
Package suggested but not available for checking: 'doMC'
Flavors: r-prerel-windows-x86_64, r-release-windows-x86_64, r-oldrel-windows-x86_64
Version: 1.3.2
Check: package dependencies
Result: NOTE
Package suggested but not available for checking: ‘SeqVarTools’
Flavor: r-release-macos-x86_64
Version: 1.3.2
Check: package dependencies
Result: NOTE
Package suggested but not available for checking: ‘SeqArray’
Flavor: r-oldrel-macos-arm64