Last updated on 2025-05-07 20:49:49 CEST.
Flavor | Version | Tinstall | Tcheck | Ttotal | Status | Flags |
---|---|---|---|---|---|---|
r-devel-linux-x86_64-debian-clang | 1.4.2 | 54.89 | 159.43 | 214.32 | OK | |
r-devel-linux-x86_64-debian-gcc | 1.4.2 | 42.76 | 127.73 | 170.49 | OK | |
r-devel-linux-x86_64-fedora-clang | 1.4.2 | 377.86 | OK | |||
r-devel-linux-x86_64-fedora-gcc | 1.4.2 | 369.18 | OK | |||
r-devel-windows-x86_64 | 1.4.2 | 76.00 | 188.00 | 264.00 | OK | |
r-patched-linux-x86_64 | 1.4.2 | 59.48 | 155.47 | 214.95 | OK | |
r-release-linux-x86_64 | 1.4.2 | 54.67 | 154.38 | 209.05 | OK | |
r-release-macos-arm64 | 1.4.2 | 135.00 | OK | |||
r-release-macos-x86_64 | 1.4.2 | 147.00 | OK | |||
r-release-windows-x86_64 | 1.4.2 | 79.00 | 191.00 | 270.00 | OK | |
r-oldrel-macos-arm64 | 1.4.2 | 86.00 | NOTE | |||
r-oldrel-macos-x86_64 | 1.4.2 | 318.00 | NOTE | |||
r-oldrel-windows-x86_64 | 1.4.2 | 98.00 | 239.00 | 337.00 | NOTE |
Version: 1.4.2
Check: package dependencies
Result: NOTE
Packages suggested but not available for checking:
'SeqArray', 'SeqVarTools'
Flavor: r-oldrel-macos-arm64
Version: 1.4.2
Check: installed package size
Result: NOTE
installed size is 6.8Mb
sub-directories of 1Mb or more:
libs 5.1Mb
Flavors: r-oldrel-macos-arm64, r-oldrel-macos-x86_64
Version: 1.4.2
Check: package dependencies
Result: NOTE
Package suggested but not available for checking: 'doMC'
Flavor: r-oldrel-windows-x86_64