Last updated on 2023-11-29 19:54:11 CET.
Flavor | Version | Tinstall | Tcheck | Ttotal | Status | Flags |
---|---|---|---|---|---|---|
r-devel-linux-x86_64-debian-clang | 0.1.0 | 35.26 | 492.14 | 527.40 | OK | |
r-devel-linux-x86_64-debian-gcc | 0.1.0 | 28.38 | 360.92 | 389.30 | OK | |
r-devel-linux-x86_64-fedora-clang | 0.1.0 | 679.16 | NOTE | |||
r-devel-linux-x86_64-fedora-gcc | 0.1.0 | 636.34 | NOTE | |||
r-devel-windows-x86_64 | 0.1.0 | 31.00 | 326.00 | 357.00 | OK | |
r-patched-linux-x86_64 | 0.1.0 | 28.82 | 468.96 | 497.78 | OK | |
r-release-linux-x86_64 | 0.1.0 | 25.39 | 464.49 | 489.88 | OK | |
r-release-macos-arm64 | 0.1.0 | 304.00 | NOTE | |||
r-release-macos-x86_64 | 0.1.0 | 423.00 | NOTE | |||
r-release-windows-x86_64 | 0.1.0 | 41.00 | 432.00 | 473.00 | OK | |
r-oldrel-macos-arm64 | 0.1.0 | 185.00 | NOTE | |||
r-oldrel-macos-x86_64 | 0.1.0 | 276.00 | NOTE | |||
r-oldrel-windows-x86_64 | 0.1.0 | 42.00 | 423.00 | 465.00 | OK |
Version: 0.1.0
Check: package dependencies
Result: NOTE
Package suggested but not available for checking: ‘orthogene’
Flavors: r-devel-linux-x86_64-fedora-clang, r-devel-linux-x86_64-fedora-gcc, r-release-macos-arm64, r-release-macos-x86_64, r-oldrel-macos-arm64, r-oldrel-macos-x86_64
Version: 0.1.0
Check: dependencies in R code
Result: NOTE
Namespace in Imports field not imported from: ‘fmsb’
All declared Imports should be used.
Flavors: r-devel-linux-x86_64-fedora-clang, r-devel-linux-x86_64-fedora-gcc
Version: 0.1.0
Check: Rd cross-references
Result: NOTE
Package unavailable to check Rd xrefs: ‘orthogene’
Flavors: r-devel-linux-x86_64-fedora-clang, r-devel-linux-x86_64-fedora-gcc, r-release-macos-arm64, r-release-macos-x86_64, r-oldrel-macos-arm64, r-oldrel-macos-x86_64