Last updated on 2024-03-27 19:56:56 CET.
Flavor | Version | Tinstall | Tcheck | Ttotal | Status | Flags |
---|---|---|---|---|---|---|
r-devel-linux-x86_64-debian-clang | 0.9.23 | 94.08 | 376.20 | 470.28 | OK | |
r-devel-linux-x86_64-debian-gcc | 0.9.23 | 87.25 | 266.88 | 354.13 | OK | |
r-devel-linux-x86_64-fedora-clang | 0.9.23 | 641.62 | OK | |||
r-devel-linux-x86_64-fedora-gcc | 0.9.23 | 585.24 | OK | |||
r-devel-windows-x86_64 | 0.9.23 | 88.00 | 315.00 | 403.00 | OK | |
r-patched-linux-x86_64 | 0.9.23 | 123.92 | 369.32 | 493.24 | OK | |
r-release-linux-x86_64 | 0.9.23 | 106.15 | 360.46 | 466.61 | OK | |
r-release-macos-arm64 | 0.9.23 | 136.00 | NOTE | |||
r-release-macos-x86_64 | 0.9.23 | 339.00 | NOTE | |||
r-release-windows-x86_64 | 0.9.23 | 113.00 | 411.00 | 524.00 | OK | |
r-oldrel-macos-arm64 | 0.9.23 | 136.00 | NOTE | |||
r-oldrel-windows-x86_64 | 0.9.23 | 118.00 | 342.00 | 460.00 | OK |
Version: 0.9.23
Check: installed package size
Result: NOTE
installed size is 6.1Mb
sub-directories of 1Mb or more:
R 2.0Mb
libs 1.9Mb
Flavors: r-release-macos-arm64, r-release-macos-x86_64, r-oldrel-macos-arm64