Last updated on 2025-11-18 19:49:59 CET.
| Flavor | Version | Tinstall | Tcheck | Ttotal | Status | Flags |
|---|---|---|---|---|---|---|
| r-devel-linux-x86_64-debian-clang | 2.0.0 | 28.53 | 258.89 | 287.42 | OK | |
| r-devel-linux-x86_64-debian-gcc | 2.0.1 | 20.40 | 176.84 | 197.24 | OK | |
| r-devel-linux-x86_64-fedora-clang | 2.0.1 | 132.00 | 328.30 | 460.30 | OK | |
| r-devel-linux-x86_64-fedora-gcc | 2.0.1 | 125.00 | 321.91 | 446.91 | OK | |
| r-devel-windows-x86_64 | 1.2.1 | 35.00 | 245.00 | 280.00 | OK | |
| r-patched-linux-x86_64 | 1.2.1 | 25.22 | 242.16 | 267.38 | OK | |
| r-release-linux-x86_64 | 1.2.1 | 23.73 | 237.06 | 260.79 | OK | |
| r-release-macos-arm64 | 1.2.1 | 10.00 | 98.00 | 108.00 | OK | |
| r-release-macos-x86_64 | 2.0.1 | 43.00 | 266.00 | 309.00 | OK | |
| r-release-windows-x86_64 | 1.2.1 | 30.00 | 243.00 | 273.00 | OK | |
| r-oldrel-macos-arm64 | 1.2.1 | 12.00 | 97.00 | 109.00 | OK | |
| r-oldrel-macos-x86_64 | 2.0.1 | 46.00 | 181.00 | 227.00 | NOTE | |
| r-oldrel-windows-x86_64 | 1.2.1 | 38.00 | 322.00 | 360.00 | OK |
Version: 2.0.1
Check: installed package size
Result: NOTE
installed size is 6.1Mb
sub-directories of 1Mb or more:
data 5.4Mb
Flavor: r-oldrel-macos-x86_64