Last updated on 2025-11-16 01:49:20 CET.
| Flavor | Version | Tinstall | Tcheck | Ttotal | Status | Flags |
|---|---|---|---|---|---|---|
| r-devel-linux-x86_64-debian-clang | 1.0.1 | 8.14 | 99.68 | 107.82 | OK | |
| r-devel-linux-x86_64-debian-gcc | 1.0.1 | 6.56 | 74.75 | 81.31 | OK | |
| r-devel-linux-x86_64-fedora-clang | 1.0.1 | 38.00 | 148.55 | 186.55 | NOTE | |
| r-devel-linux-x86_64-fedora-gcc | 1.0.1 | 35.00 | 157.05 | 192.05 | NOTE | |
| r-devel-windows-x86_64 | 1.0.1 | 13.00 | 102.00 | 115.00 | OK | |
| r-patched-linux-x86_64 | 1.0.1 | 7.79 | 96.50 | 104.29 | OK | |
| r-release-linux-x86_64 | 1.0.1 | 7.65 | 95.79 | 103.44 | OK | |
| r-release-macos-arm64 | 1.0.1 | 5.00 | 56.00 | 61.00 | OK | |
| r-release-macos-x86_64 | 1.0.1 | 7.00 | 86.00 | 93.00 | OK | |
| r-release-windows-x86_64 | 1.0.1 | 10.00 | 102.00 | 112.00 | OK | |
| r-oldrel-macos-arm64 | 1.0.1 | 4.00 | 46.00 | 50.00 | OK | |
| r-oldrel-macos-x86_64 | 1.0.1 | 10.00 | 95.00 | 105.00 | OK | |
| r-oldrel-windows-x86_64 | 1.0.1 | 14.00 | 125.00 | 139.00 | OK |
Version: 1.0.1
Check: dependencies in R code
Result: NOTE
Namespaces in Imports field not imported from:
‘itertools’ ‘knitr’ ‘utils’
All declared Imports should be used.
Flavors: r-devel-linux-x86_64-fedora-clang, r-devel-linux-x86_64-fedora-gcc