Last updated on 2024-07-17 20:57:03 CEST.
Flavor | Version | Tinstall | Tcheck | Ttotal | Status | Flags |
---|---|---|---|---|---|---|
r-devel-linux-x86_64-debian-clang | 0.3-3 | 5.32 | 50.84 | 56.16 | OK | |
r-devel-linux-x86_64-debian-gcc | 0.3-3 | 3.58 | 38.26 | 41.84 | OK | |
r-devel-linux-x86_64-fedora-clang | 0.3-3 | 72.27 | OK | |||
r-devel-linux-x86_64-fedora-gcc | 0.3-3 | 81.20 | OK | |||
r-devel-windows-x86_64 | 0.3-3 | 7.00 | 78.00 | 85.00 | NOTE | |
r-patched-linux-x86_64 | 0.3-3 | 6.86 | 49.14 | 56.00 | OK | |
r-release-linux-x86_64 | 0.3-3 | 5.00 | 49.27 | 54.27 | OK | |
r-release-macos-arm64 | 0.3-3 | 37.00 | OK | |||
r-release-macos-x86_64 | 0.3-3 | 51.00 | OK | |||
r-release-windows-x86_64 | 0.3-3 | 6.00 | 77.00 | 83.00 | OK | |
r-oldrel-macos-arm64 | 0.3-3 | 34.00 | OK | |||
r-oldrel-macos-x86_64 | 0.3-3 | 50.00 | OK | |||
r-oldrel-windows-x86_64 | 0.3-3 | 6.00 | 75.00 | 81.00 | OK |
Version: 0.3-3
Check: Rd cross-references
Result: NOTE
Found the following Rd file(s) with Rd \link{} targets missing package
anchors:
fxInteractive.Rd: gam, lme
fxInteractive.glm.Rd: gam, print.xtable, xtable
fxInteractive.lm.Rd: print.xtable, xtable
fxInteractive.lme.Rd: lme, predict.lme, print.xtable, xtable
wrapRpSlider.Rd: rp.slider
Please provide package anchors for all Rd \link{} targets not in the
package itself and the base packages.
Flavor: r-devel-windows-x86_64