CRAN Package Check Results for Package LeArEst

Last updated on 2023-02-03 20:51:27 CET.

Flavor Version Tinstall Tcheck Ttotal Status Flags
r-devel-linux-x86_64-debian-clang 1.0.0 4.84 34.12 38.96 NOTE
r-devel-linux-x86_64-debian-gcc 1.0.0 4.14 26.41 30.55 NOTE
r-devel-linux-x86_64-fedora-clang 1.0.0 49.50 NOTE
r-devel-linux-x86_64-fedora-gcc 1.0.0 46.58 NOTE
r-patched-linux-x86_64 1.0.0 5.82 32.71 38.53 NOTE
r-release-linux-x86_64 1.0.0 4.46 33.20 37.66 NOTE
r-release-macos-arm64 1.0.0 18.00 NOTE
r-release-macos-x86_64 1.0.0 30.00 NOTE
r-release-windows-x86_64 1.0.0 21.00 65.00 86.00 NOTE
r-oldrel-macos-arm64 1.0.0 22.00 NOTE
r-oldrel-macos-x86_64 1.0.0 29.00 NOTE
r-oldrel-windows-ix86+x86_64 1.0.0 10.00 57.00 67.00 NOTE

Check Details

Version: 1.0.0
Check: LazyData
Result: NOTE
     'LazyData' is specified without a 'data' directory
Flavors: r-devel-linux-x86_64-debian-clang, r-devel-linux-x86_64-debian-gcc, r-devel-linux-x86_64-fedora-clang, r-devel-linux-x86_64-fedora-gcc, r-patched-linux-x86_64, r-release-linux-x86_64, r-release-macos-arm64, r-release-macos-x86_64, r-release-windows-x86_64, r-oldrel-macos-arm64, r-oldrel-macos-x86_64, r-oldrel-windows-ix86+x86_64