Last updated on 2024-07-17 20:57:02 CEST.
Flavor | Version | Tinstall | Tcheck | Ttotal | Status | Flags |
---|---|---|---|---|---|---|
r-devel-linux-x86_64-debian-clang | 1.5.5 | 9.15 | 59.86 | 69.01 | OK | |
r-devel-linux-x86_64-debian-gcc | 1.5.5 | 6.12 | 45.21 | 51.33 | OK | |
r-devel-linux-x86_64-fedora-clang | 1.5.5 | 85.29 | OK | |||
r-devel-linux-x86_64-fedora-gcc | 1.5.5 | 80.99 | OK | |||
r-devel-windows-x86_64 | 1.5.5 | 11.00 | 74.00 | 85.00 | NOTE | |
r-patched-linux-x86_64 | 1.5.5 | 10.79 | 59.77 | 70.56 | OK | |
r-release-linux-x86_64 | 1.5.5 | 6.90 | 58.20 | 65.10 | OK | |
r-release-macos-arm64 | 1.5.5 | 28.00 | OK | |||
r-release-macos-x86_64 | 1.5.5 | 47.00 | OK | |||
r-release-windows-x86_64 | 1.5.5 | 11.00 | 75.00 | 86.00 | OK | |
r-oldrel-macos-arm64 | 1.5.5 | 31.00 | OK | |||
r-oldrel-macos-x86_64 | 1.5.5 | 46.00 | OK | |||
r-oldrel-windows-x86_64 | 1.5.5 | 13.00 | 82.00 | 95.00 | OK |
Version: 1.5.5
Check: Rd cross-references
Result: NOTE
Found the following Rd file(s) with Rd \link{} targets missing package
anchors:
load.all.data.Rd: load.ts
load.meta.Rd: load.ts
metab.bayesian.Rd: ts.meta.depths
metab.bookkeep.Rd: ts.meta.depths
metab.kalman.Rd: ts.meta.depths
metab.mle.Rd: ts.meta.depths
metab.ols.Rd: ts.meta.depths
o2.at.sat.Rd: water.density
Please provide package anchors for all Rd \link{} targets not in the
package itself and the base packages.
Flavor: r-devel-windows-x86_64