Last updated on 2024-04-17 20:57:39 CEST.
Flavor | Version | Tinstall | Tcheck | Ttotal | Status | Flags |
---|---|---|---|---|---|---|
r-devel-linux-x86_64-debian-clang | 1.2.1 | 2.11 | 38.15 | 40.26 | NOTE | |
r-devel-linux-x86_64-debian-gcc | 1.2.1 | 2.21 | 28.95 | 31.16 | NOTE | |
r-devel-linux-x86_64-fedora-clang | 1.2.1 | 52.26 | NOTE | |||
r-devel-linux-x86_64-fedora-gcc | 1.2.1 | 49.10 | NOTE | |||
r-prerel-macos-arm64 | 1.2.1 | 19.00 | NOTE | |||
r-prerel-windows-x86_64 | 1.2.1 | 3.00 | 50.00 | 53.00 | NOTE | |
r-patched-linux-x86_64 | 1.2.1 | 3.25 | 37.89 | 41.14 | NOTE | |
r-release-linux-x86_64 | 1.2.1 | 3.13 | 37.79 | 40.92 | OK | |
r-release-macos-arm64 | 1.2.1 | 19.00 | OK | |||
r-release-macos-x86_64 | 1.2.1 | 27.00 | OK | |||
r-release-windows-x86_64 | 1.2.1 | 4.00 | 53.00 | 57.00 | OK | |
r-oldrel-macos-arm64 | 1.2.1 | 21.00 | OK | |||
r-oldrel-windows-x86_64 | 1.2.1 | 18.00 | 84.00 | 102.00 | OK |
Version: 1.2.1
Check: Rd files
Result: NOTE
checkRd: (-1) k.Rd:27: Lost braces
27 | code{\link{ACSPlan-class}},
| ^
Flavors: r-devel-linux-x86_64-debian-clang, r-devel-linux-x86_64-debian-gcc, r-devel-linux-x86_64-fedora-clang, r-devel-linux-x86_64-fedora-gcc, r-prerel-macos-arm64, r-prerel-windows-x86_64, r-patched-linux-x86_64