Last updated on 2025-11-24 19:51:14 CET.
| Flavor | Version | Tinstall | Tcheck | Ttotal | Status | Flags |
|---|---|---|---|---|---|---|
| r-devel-linux-x86_64-debian-clang | 0.1.4 | 7.58 | 74.77 | 82.35 | NOTE | |
| r-devel-linux-x86_64-debian-gcc | 0.1.4 | 4.73 | 53.58 | 58.31 | NOTE | |
| r-devel-linux-x86_64-fedora-clang | 0.1.4 | 20.00 | 107.23 | 127.23 | NOTE | |
| r-devel-linux-x86_64-fedora-gcc | 0.1.4 | 34.00 | 110.84 | 144.84 | NOTE | |
| r-devel-windows-x86_64 | 0.1.4 | 17.00 | 85.00 | 102.00 | NOTE | |
| r-patched-linux-x86_64 | 0.1.4 | 7.81 | 68.03 | 75.84 | NOTE | |
| r-release-linux-x86_64 | 0.1.4 | 6.94 | 68.87 | 75.81 | NOTE | |
| r-release-macos-arm64 | 0.1.4 | NOTE | ||||
| r-release-macos-x86_64 | 0.1.4 | 10.00 | 95.00 | 105.00 | NOTE | |
| r-release-windows-x86_64 | 0.1.4 | 8.00 | 84.00 | 92.00 | NOTE | |
| r-oldrel-macos-arm64 | 0.1.4 | OK | ||||
| r-oldrel-macos-x86_64 | 0.1.4 | 15.00 | 127.00 | 142.00 | OK | |
| r-oldrel-windows-x86_64 | 0.1.4 | 11.00 | 109.00 | 120.00 | OK |
Version: 0.1.4
Check: DESCRIPTION meta-information
Result: NOTE
Missing dependency on R >= 4.1.0 because package code uses the pipe
|> or function shorthand \(...) syntax added in R 4.1.0.
File(s) using such syntax:
‘smr_custom.R’ ‘smr_major.R’ ‘smr_minor.R’
Flavors: r-devel-linux-x86_64-debian-clang, r-devel-linux-x86_64-debian-gcc, r-devel-linux-x86_64-fedora-clang, r-devel-linux-x86_64-fedora-gcc, r-devel-windows-x86_64, r-patched-linux-x86_64, r-release-linux-x86_64, r-release-macos-arm64, r-release-macos-x86_64, r-release-windows-x86_64