CRAN Package Check Results for Package LSX

Last updated on 2022-10-07 21:51:10 CEST.

Flavor Version Tinstall Tcheck Ttotal Status Flags
r-devel-linux-x86_64-debian-clang 1.1.2 13.26 296.16 309.42 OK
r-devel-linux-x86_64-debian-gcc 1.1.2 10.85 217.55 228.40 OK
r-devel-linux-x86_64-fedora-clang 1.1.2 401.81 NOTE
r-devel-linux-x86_64-fedora-gcc 1.1.2 405.62 NOTE
r-devel-windows-x86_64 1.1.2 31.00 299.00 330.00 OK
r-patched-linux-x86_64 1.1.2 20.62 310.19 330.81 OK
r-release-linux-x86_64 1.1.2 14.88 303.72 318.60 OK
r-release-macos-arm64 1.1.2 103.00 NOTE
r-release-macos-x86_64 1.1.2 142.00 NOTE
r-release-windows-x86_64 1.1.2 33.00 293.00 326.00 OK
r-oldrel-macos-arm64 1.1.1 118.00 NOTE
r-oldrel-macos-x86_64 1.1.2 139.00 NOTE
r-oldrel-windows-ix86+x86_64 1.1.2 29.00 301.00 330.00 OK

Check Details

Version: 1.1.2
Check: data for non-ASCII characters
Result: NOTE
     Note: found 2096 marked UTF-8 strings
Flavors: r-devel-linux-x86_64-fedora-clang, r-devel-linux-x86_64-fedora-gcc, r-release-macos-arm64, r-release-macos-x86_64, r-oldrel-macos-x86_64

Version: 1.1.1
Check: data for non-ASCII characters
Result: NOTE
     Note: found 2096 marked UTF-8 strings
Flavor: r-oldrel-macos-arm64