Last updated on 2025-02-21 19:50:30 CET.
Flavor | Version | Tinstall | Tcheck | Ttotal | Status | Flags |
---|---|---|---|---|---|---|
r-devel-linux-x86_64-debian-clang | 1.2 | 5.56 | 46.96 | 52.52 | OK | |
r-devel-linux-x86_64-debian-gcc | 1.2 | 4.08 | 32.93 | 37.01 | OK | |
r-devel-linux-x86_64-fedora-clang | 1.2 | 82.39 | OK | |||
r-devel-linux-x86_64-fedora-gcc | 1.2 | 76.93 | OK | |||
r-devel-macos-arm64 | 1.2 | 29.00 | OK | |||
r-devel-macos-x86_64 | 1.2 | 47.00 | OK | |||
r-devel-windows-x86_64 | 1.2 | 7.00 | 69.00 | 76.00 | OK | |
r-patched-linux-x86_64 | 1.2 | 5.85 | 42.42 | 48.27 | NOTE | |
r-release-linux-x86_64 | 1.2 | 4.45 | 42.29 | 46.74 | NOTE | |
r-release-macos-arm64 | 1.2 | 28.00 | NOTE | |||
r-release-macos-x86_64 | 1.2 | 39.00 | NOTE | |||
r-release-windows-x86_64 | 1.2 | 8.00 | 67.00 | 75.00 | NOTE | |
r-oldrel-macos-arm64 | 1.2 | 30.00 | NOTE | |||
r-oldrel-macos-x86_64 | 1.2 | 41.00 | NOTE | |||
r-oldrel-windows-x86_64 | 1.2 | 9.00 | 71.00 | 80.00 | NOTE |
Version: 1.2
Check: LazyData
Result: NOTE
'LazyData' is specified without a 'data' directory
Flavors: r-patched-linux-x86_64, r-release-linux-x86_64, r-release-macos-arm64, r-release-macos-x86_64, r-release-windows-x86_64, r-oldrel-macos-arm64, r-oldrel-macos-x86_64, r-oldrel-windows-x86_64