CRAN Package Check Results for Package LOMAR

Last updated on 2022-11-27 19:51:34 CET.

Flavor Version Tinstall Tcheck Ttotal Status Flags
r-devel-linux-x86_64-debian-clang 0.2.1 41.27 74.46 115.73 OK
r-devel-linux-x86_64-debian-gcc 0.2.1 29.10 54.71 83.81 OK
r-devel-linux-x86_64-fedora-clang 0.2.1 165.32 OK
r-devel-linux-x86_64-fedora-gcc 0.2.1 169.43 OK
r-devel-windows-x86_64 0.2.1 56.00 281.00 337.00 OK
r-patched-linux-x86_64 0.2.1 36.53 68.25 104.78 OK
r-release-linux-x86_64 0.2.1 41.46 70.49 111.95 OK
r-release-macos-arm64 0.2.1 89.00 NOTE
r-release-macos-x86_64 0.2.1 117.00 NOTE
r-release-windows-x86_64 0.2.1 63.00 287.00 350.00 OK
r-oldrel-macos-arm64 0.2.1 87.00 NOTE
r-oldrel-macos-x86_64 0.2.1 114.00 NOTE
r-oldrel-windows-ix86+x86_64 0.2.1 100.00 463.00 563.00 OK

Check Details

Version: 0.2.1
Check: installed package size
Result: NOTE
     installed size is 6.2Mb
     sub-directories of 1Mb or more:
     libs 5.1Mb
Flavors: r-release-macos-arm64, r-release-macos-x86_64, r-oldrel-macos-arm64, r-oldrel-macos-x86_64