Last updated on 2024-03-28 19:48:35 CET.
Flavor | Version | Tinstall | Tcheck | Ttotal | Status | Flags |
---|---|---|---|---|---|---|
r-devel-linux-x86_64-debian-clang | 0.2.0 | 441.91 | 547.89 | 989.80 | NOTE | |
r-devel-linux-x86_64-debian-gcc | 0.2.0 | 404.90 | 417.60 | 822.50 | NOTE | |
r-devel-linux-x86_64-fedora-clang | 0.2.0 | 1243.88 | NOTE | |||
r-devel-linux-x86_64-fedora-gcc | 0.2.0 | 1409.70 | NOTE | |||
r-devel-windows-x86_64 | 0.2.0 | 333.00 | 383.00 | 716.00 | NOTE | |
r-patched-linux-x86_64 | 0.2.0 | 0.02 | 2.60 | 2.62 | ERROR | |
r-release-linux-x86_64 | 0.2.0 | 343.89 | 560.69 | 904.58 | NOTE | |
r-release-macos-arm64 | 0.2.0 | 258.00 | NOTE | |||
r-release-macos-x86_64 | 0.2.0 | 466.00 | NOTE | |||
r-release-windows-x86_64 | 0.2.0 | 439.00 | 533.00 | 972.00 | NOTE | |
r-oldrel-macos-arm64 | 0.2.0 | 244.00 | NOTE | |||
r-oldrel-windows-x86_64 | 0.2.0 | 423.00 | 520.00 | 943.00 | NOTE |
Version: 0.2.0
Check: for GNU extensions in Makefiles
Result: NOTE
GNU make is a SystemRequirements.
Flavors: r-devel-linux-x86_64-debian-clang, r-devel-linux-x86_64-debian-gcc, r-devel-linux-x86_64-fedora-clang, r-devel-linux-x86_64-fedora-gcc, r-devel-windows-x86_64, r-release-linux-x86_64, r-release-macos-arm64, r-release-macos-x86_64, r-release-windows-x86_64, r-oldrel-macos-arm64, r-oldrel-windows-x86_64
Version: 0.2.0
Check: installed package size
Result: NOTE
installed size is 5.5Mb
sub-directories of 1Mb or more:
libs 4.5Mb
Flavors: r-devel-linux-x86_64-fedora-clang, r-release-macos-arm64, r-release-macos-x86_64, r-oldrel-macos-arm64
Version: 0.2.0
Check: dependencies in R code
Result: NOTE
Namespaces in Imports field not imported from:
‘RcppParallel’ ‘rstantools’
All declared Imports should be used.
Flavors: r-devel-linux-x86_64-fedora-clang, r-devel-linux-x86_64-fedora-gcc
Version: 0.2.0
Check: whether package can be installed
Result: ERROR
Installation failed.
Flavor: r-patched-linux-x86_64