CRAN Package Check Results for Package LKT

Last updated on 2022-10-04 21:53:44 CEST.

Flavor Version Tinstall Tcheck Ttotal Status Flags
r-devel-linux-x86_64-debian-clang 1.2.0 23.08 146.47 169.55 OK
r-devel-linux-x86_64-debian-gcc 1.2.0 20.16 103.27 123.43 OK
r-devel-linux-x86_64-fedora-clang 1.2.0 213.39 NOTE
r-devel-linux-x86_64-fedora-gcc 1.2.0 208.69 NOTE
r-devel-windows-x86_64 1.2.0 32.00 156.00 188.00 OK
r-patched-linux-x86_64 1.2.0 17.67 126.79 144.46 OK
r-release-linux-x86_64 1.2.0 14.09 130.86 144.95 OK
r-release-macos-arm64 1.2.0 64.00 NOTE
r-release-macos-x86_64 1.2.0 81.00 NOTE
r-release-windows-x86_64 1.2.0 32.00 159.00 191.00 OK
r-oldrel-macos-arm64 1.2.0 63.00 NOTE
r-oldrel-macos-x86_64 1.2.0 77.00 NOTE
r-oldrel-windows-ix86+x86_64 1.2.0 43.00 151.00 194.00 WARN

Check Details

Version: 1.2.0
Check: data for non-ASCII characters
Result: NOTE
     Note: found 434 marked UTF-8 strings
Flavors: r-devel-linux-x86_64-fedora-clang, r-devel-linux-x86_64-fedora-gcc, r-release-macos-arm64, r-release-macos-x86_64, r-oldrel-macos-arm64, r-oldrel-macos-x86_64

Version: 1.2.0
Check: data for non-ASCII characters
Result: WARN
     Warning: found non-ASCII strings
     '<c3><83><c6><92><c3><82><c2><a2><c3><83><c2><a2><c3><a2><e2><80><9a><c2><ac><c3><a2><e2><82><ac><c5><93><c3><83><e2><80><9a><c3><82><c2><bc> philip pavlik jr.' in object 'largerawsample'
     'Variance is incorrect. The correct response is density. The variance is a single value for the whole distribution, so you wouldn<c3><83><c6><92><c3><82><c2><a2><c3><83><c2><a2><c3><a2><e2><82><ac><c5><a1><c3><82><c2><ac><c3><83><c2><a2><c3><a2><e2><82><ac><c5><be><c3><82><c2><a2>t calculate it for only a specific range of values within the distribution. The density of a distribution over a certain range' in object 'largerawsample'
     'Different is incorrect. The correct response is individual. Different is incorrect because it doesn't fit the sentence as an opposite to the term <c3><83><c6><92><c3><82><c2><a2><c3><83><c2><a2><c3><a2><e2><82><ac><c5><a1><c3><82><c2><ac><c3><83><e2><80><b9><c3><85><e2><80><9c>multiple<c3><83><c6><92><c3><82><c2><a2><c3><83><c2><a2><c3><a2><e2><82><ac><c5><a1><c3><82><c2><ac><c3><83><c2><a2><c3><a2><e2><82><ac><c5><be><c3><82><c2><a2> used later in the sentence. In other words, we're talking about single individual observations ver' in object 'largerawsample'
     'Root is incorrect. The correct response is difference. You cannot take the squared root <c3><83><c6><92><c3><82><c2><a2><c3><83><c2><a2><c3><a2><e2><82><ac><c5><a1><c3><82><c2><ac><c3><83><e2><80><b9><c3><85><e2><80><9c>from<c3><83><c6><92><c3><82><c2><a2><c3><83><c2><a2><c3><a2><e2><82><ac><c5><a1><c3><82><c2><ac><c3><83><c2><a2><c3><a2><e2><82><ac><c5><be><c3><82><c2><a2> the mean. Rather, the variance for an observation is the difference from the mean, squared. You could then square root the variance to obtain the standard devia' in object 'largerawsample'
     'Total is incorrect. The correct response is count. In mathematical terms, <c3><83><c6><92><c3><82><c2><a2><c3><83><c2><a2><c3><a2><e2><82><ac><c5><a1><c3><82><c2><ac><c3><83><e2><80><b9><c3><85><e2><80><9c>total<c3><83><c6><92><c3><82><c2><a2><c3><83><c2><a2><c3><a2><e2><82><ac><c5><a1><c3><82><c2><ac><c3><83><c2><a2><c3><a2><e2><82><ac><c5><be><c3><82><c2><a2> would refer to the sum, so it doesn't make sense to divide the sum by the sum. Rather, we would divide the sum by the count of how many numbers are in the set.' in object 'largerawsample'
     'Standard is incorrect. The correct response is <c3><83><c6><92><c3><82><c2><a2><c3><83><c2><a2><c3><a2><e2><82><ac><c5><a1><c3><82><c2><ac><c3><83><e2><80><b9><c3><85><e2><80><9c>normal.<c3><83><c6><92><c3><82><c2><a2><c3><83><c2><a2><c3><a2><e2><82><ac><c5><a1><c3><82><c2><ac><c3><83><c2><a2><c3><a2><e2><82><ac><c5><be><c3><82><c2><a2> In common English, standard and normal mean the same thing, but in statistics, they refer to different things. This sentence refers to a normal distribution, the most commonly talked about distribut' in object 'largerawsample'
     'Sample is incorrect. The correct response is individual. Sample is incorrect because it doesn't fit the sentence as an opposite to the term <c3><83><c6><92><c3><82><c2><a2><c3><83><c2><a2><c3><a2><e2><82><ac><c5><a1><c3><82><c2><ac><c3><83><e2><80><b9><c3><85><e2><80><9c>multiple<c3><83><c6><92><c3><82><c2><a2><c3><83><c2><a2><c3><a2><e2><82><ac><c5><a1><c3><82><c2><ac><c3><83><c2><a2><c3><a2><e2><82><ac><c5><be><c3><82><c2><a2> used later in the sentence. In other words, we're talking about single individual observations versus mu' in object 'largerawsample'
     'Sample is incorrect. The correct response is range. While it makes sense to sample from a distribution, you can't be <c3><83><c6><92><c3><82><c2><a2><c3><83><c2><a2><c3><a2><e2><82><ac><c5><a1><c3><82><c2><ac><c3><83><e2><80><b9><c3><85><e2><80><9c>between<c3><83><c6><92><c3><82><c2><a2><c3><83><c2><a2><c3><a2><e2><82><ac><c5><a1><c3><82><c2><ac><c3><83><c2><a2><c3><a2><e2><82><ac><c5><be><c3><82><c2><a2> a sample. Range fits much better in this sentence, because you can be between a range of values, for example, between the range' in object 'largerawsample'
     'Statistic is incorrect. The correct response is sample. A statistic doesn<c3><83><c6><92><c3><82><c2><a2><c3><83><c2><a2><c3><a2><e2><82><ac><c5><a1><c3><82><c2><ac><c3><83><c2><a2><c3><a2><e2><82><ac><c5><be><c3><82><c2><a2>t have variance, rather variance is a statistic that describes a sample' in object 'largerawsample'
     'Probability is incorrect. The correct response is distribution. The key problem is that the sentence says <c3><83><c6><92><c3><82><c2><a2><c3><83><c2><a2><c3><a2><e2><82><ac><c5><a1><c3><82><c2><ac><c3><83><e2><80><b9><c3><85><e2><80><9c>any<c3><83><c6><92><c3><82><c2><a2><c3><83><c2><a2><c3><a2><e2><82><ac><c5><a1><c3><82><c2><ac><c3><83><c2><a2><c3><a2><e2><82><ac><c5><be><c3><82><c2><a2> range of values, while a probability gives the likelihood for a specific range of values, only the distribution describes the likelihood in <c3><83><c6><92><c3><82><c2><a2><c3><83><c2><a2><c3><a2><e2><82><ac><c5><a1><c3><82><c2><ac><c3><83><e2><80><b9><c3><85><e2><80><9c>an' in object 'largerawsample'
     'Sample is incorrect. The correct response is subject. Answering <c3><83><c6><92><c3><82><c2><a2><c3><83><c2><a2><c3><a2><e2><82><ac><c5><a1><c3><82><c2><ac><c3><83><e2><80><b9><c3><85><e2><80><9c>sample<c3><83><c6><92><c3><82><c2><a2><c3><83><c2><a2><c3><a2><e2><82><ac><c5><a1><c3><82><c2><ac><c3><83><c2><a2><c3><a2><e2><82><ac><c5><be><c3><82><c2><a2> makes the sentence redundant. Answering <c3><83><c6><92><c3><82><c2><a2><c3><83><c2><a2><c3><a2><e2><82><ac><c5><a1><c3><82><c2><ac><c3><83><e2><80><b9><c3><85><e2><80><9c>subject<c3><83><c6><92><c3><82><c2><a2><c3><83><c2><a2><c3><a2><e2><82><ac><c5><a1><c3><82><c2><ac><c3><83><c2><a2><c3><a2><e2><82><ac><c5><be><c3><82><c2><a2> allows the sentence to convey that the sample is made up of individual subjects.' in object 'largerawsample'
     'Mean is incorrect. The correct response is density. The mean of the distribution is a single average value for the whole distribution, so you wouldn<c3><83><c6><92><c3><82><c2><a2><c3><83><c2><a2><c3><a2><e2><82><ac><c5><a1><c3><82><c2><ac><c3><83><c2><a2><c3><a2><e2><82><ac><c5><be><c3><82><c2><a2>t calculate the mean for only a range of values within the distribution. The density of a distribution ove' in object 'largerawsample'
     'Sum is incorrect. The correct response is mean. The variance is a statistic that describes the dispersion or degree of clustering of scores around the mean. To obtain the variance for an observation we need the difference from the mean, squared. We don<c3><83><c6><92><c3><82><c2><a2><c3><83><c2><a2><c3><a2><e2><82><ac><c5><a1><c3><82><c2><ac><c3><83><c2><a2><c3><a2><e2><82><ac><c5><be><c3><82><c2><a2>t' in object 'largerawsample'
     'Deviation is incorrect. The correct response is standard deviation. The word <c3><83><c6><92><c3><82><c2><a2><c3><83><c2><a2><c3><a2><e2><82><ac><c5><a1><c3><82><c2><ac><c3><83><e2><80><b9><c3><85><e2><80><9c>standard<c3><83><c6><92><c3><82><c2><a2><c3><83><c2><a2><c3><a2><e2><82><ac><c5><a1><c3><82><c2><ac><c3><83><c2><a2><c3><a2><e2><82><ac><c5><be><c3><82><c2><a2> is important to include because standard deviation has a precise statistical meaning, whereas the word deviation by itself has many meanings.' in object 'largerawsample'
     'Standard deviation is incorrect. The correct response is density. The standard deviation is a single value for the whole distribution, so you wouldn<c3><83><c6><92><c3><82><c2><a2><c3><83><c2><a2><c3><a2><e2><82><ac><c5><a1><c3><82><c2><ac><c3><83><c2><a2><c3><a2><e2><82><ac><c5><be><c3><82><c2><a2>t calculate it for only a specific range of values within the distribution. The density of a distribution' in object 'largerawsample'
     'Sample is incorrect. The correct response is subject. Answering <c3><83><c6><92><c3><82><c2><a2><c3><83><c2><a2><c3><a2><e2><82><ac><c5><a1><c3><82><c2><ac><c3><83><e2><80><b9><c3><85><e2><80><9c>sample<c3><83><c6><92><c3><82><c2><a2><c3><83><c2><a2><c3><a2><e2><82><ac><c5><a1><c3><82><c2><ac><c3><83><c2><a2><c3><a2><e2><82><ac><c5><be><c3><82><c2><a2> makes the sentence redundant. Answering <c3><83><c6><92><c3><82><c2><a2><c3><83><c2><a2><c3><a2><e2><82><ac><c5><a1><c3><82><c2><ac><c3><83><e2><80><b9><c3><85><e2><80><9c>subject<c3><83><c6><92><c3><82><c2><a2><c3><83><c2><a2><c3><a2><e2><82><ac><c5><a1><c3><82><c2><ac><c3><83><c2><a2><c3><a2><e2><82><ac><c5><be><c3><82><c2><a2> allows the sentence to convey that the sample is made up of individual subjects. (you were close enough)' in object 'largerawsample'
     'Statistic is incorrect. The correct response is sample. A statistic doesn<c3><83><c6><92><c3><82><c2><a2><c3><83><c2><a2><c3><a2><e2><82><ac><c5><a1><c3><82><c2><ac><c3><83><c2><a2><c3><a2><e2><82><ac><c5><be><c3><82><c2><a2>t have variance, rather variance is a statistic that describes a sample (you were close enough)' in object 'largerawsample'
     'Error is incorrect. The correct response is standard error. The word <c3><83><c6><92><c3><82><c2><a2><c3><83><c2><a2><c3><a2><e2><82><ac><c5><a1><c3><82><c2><ac><c3><83><e2><80><b9><c3><85><e2><80><9c>standard<c3><83><c6><92><c3><82><c2><a2><c3><83><c2><a2><c3><a2><e2><82><ac><c5><a1><c3><82><c2><ac><c3><83><c2><a2><c3><a2><e2><82><ac><c5><be><c3><82><c2><a2> is important to include because standard error is has a precise statistical meaning, whereas the word error by itself has many meanings.' in object 'largerawsample'
Flavor: r-oldrel-windows-ix86+x86_64