Last updated on 2025-05-03 21:51:22 CEST.
Flavor | Version | Tinstall | Tcheck | Ttotal | Status | Flags |
---|---|---|---|---|---|---|
r-devel-linux-x86_64-debian-clang | 1.1.5 | 3.39 | 40.64 | 44.03 | NOTE | |
r-devel-linux-x86_64-debian-gcc | 1.1.5 | 2.26 | 28.72 | 30.98 | NOTE | |
r-devel-linux-x86_64-fedora-clang | 1.1.5 | 70.50 | OK | |||
r-devel-linux-x86_64-fedora-gcc | 1.1.5 | 69.47 | OK | |||
r-devel-windows-x86_64 | 1.1.5 | 3.00 | 65.00 | 68.00 | NOTE | |
r-patched-linux-x86_64 | 1.1.5 | 3.67 | 38.67 | 42.34 | NOTE | |
r-release-linux-x86_64 | NOTE | |||||
r-release-macos-arm64 | 1.1.5 | 21.00 | OK | |||
r-release-macos-x86_64 | 1.1.5 | 40.00 | OK | |||
r-release-windows-x86_64 | 1.1.5 | 4.00 | 65.00 | 69.00 | NOTE | |
r-oldrel-macos-arm64 | 1.1.5 | 22.00 | OK | |||
r-oldrel-macos-x86_64 | 1.1.5 | 35.00 | OK | |||
r-oldrel-windows-x86_64 | 1.1.5 | 4.00 | 72.00 | 76.00 | OK |
Version: 1.1.5
Check: CRAN incoming feasibility
Result: NOTE
Maintainer: ‘Benjamin Auder <benjamin.auder@universite-paris-saclay.fr>’
No Authors@R field in DESCRIPTION.
Please add one, modifying
Authors@R: c(person(given = "Yannick",
family = "Baraud",
role = "aut"),
person(given = "Christophe",
family = "Giraud",
role = "aut"),
person(given = "Sylvie",
family = "Huet",
role = "aut"),
person(given = "Benjamin",
family = "Auder",
role = "cre",
email = "benjamin.auder@universite-paris-saclay.fr"))
as necessary.
Flavors: r-devel-linux-x86_64-debian-clang, r-devel-linux-x86_64-debian-gcc
Version: 1.1.5
Check: Rd cross-references
Result: NOTE
Found the following Rd file(s) with Rd \link{} targets missing package
anchors:
VARselect.Rd: lm.ridge
Please provide package anchors for all Rd \link{} targets not in the
package itself and the base packages.
Flavors: r-devel-linux-x86_64-debian-clang, r-devel-linux-x86_64-debian-gcc, r-devel-windows-x86_64, r-patched-linux-x86_64, r-release-linux-x86_64, r-release-windows-x86_64