Last updated on 2023-01-26 19:49:30 CET.
Flavor | Version | Tinstall | Tcheck | Ttotal | Status | Flags |
---|---|---|---|---|---|---|
r-devel-linux-x86_64-debian-clang | 1.4.9 | 8.31 | 129.26 | 137.57 | OK | |
r-devel-linux-x86_64-debian-gcc | 1.4.9 | 7.34 | 93.47 | 100.81 | OK | |
r-devel-linux-x86_64-fedora-clang | 1.4.9 | 160.77 | OK | |||
r-devel-linux-x86_64-fedora-gcc | 1.4.9 | 189.89 | OK | |||
r-devel-windows-x86_64 | 1.4.9 | 19.00 | 168.00 | 187.00 | NOTE | |
r-patched-linux-x86_64 | 1.4.9 | 7.56 | 119.38 | 126.94 | OK | |
r-release-linux-x86_64 | 1.4.9 | 9.70 | 120.08 | 129.78 | OK | |
r-release-macos-arm64 | 1.4.9 | 41.00 | OK | |||
r-release-macos-x86_64 | 1.4.9 | 59.00 | OK | |||
r-release-windows-x86_64 | 1.4.9 | 20.00 | 169.00 | 189.00 | NOTE | |
r-oldrel-macos-arm64 | 1.4.9 | 52.00 | OK | |||
r-oldrel-macos-x86_64 | 1.4.9 | 87.00 | OK | |||
r-oldrel-windows-ix86+x86_64 | 1.4.9 | 16.00 | 152.00 | 168.00 | NOTE |
Version: 1.4.9
Check: package dependencies
Result: NOTE
Package suggested but not available for checking: 'doMC'
Flavors: r-devel-windows-x86_64, r-release-windows-x86_64, r-oldrel-windows-ix86+x86_64