Last updated on 2023-11-27 19:52:43 CET.
Flavor | Version | Tinstall | Tcheck | Ttotal | Status | Flags |
---|---|---|---|---|---|---|
r-devel-linux-x86_64-debian-clang | 1.4.9 | 7.94 | 122.90 | 130.84 | NOTE | |
r-devel-linux-x86_64-debian-gcc | 1.4.9 | 7.69 | 103.32 | 111.01 | NOTE | |
r-devel-linux-x86_64-fedora-clang | 1.4.9 | 157.79 | NOTE | |||
r-devel-linux-x86_64-fedora-gcc | 1.4.9 | 166.15 | NOTE | |||
r-devel-windows-x86_64 | 1.4.9 | 9.00 | 113.00 | 122.00 | NOTE | |
r-patched-linux-x86_64 | 1.4.9 | 8.57 | 116.69 | 125.26 | OK | |
r-release-linux-x86_64 | 1.4.9 | 9.38 | 119.95 | 129.33 | OK | |
r-release-macos-arm64 | 1.4.9 | 52.00 | OK | |||
r-release-macos-x86_64 | 1.4.9 | 81.00 | OK | |||
r-release-windows-x86_64 | 1.4.9 | 12.00 | 139.00 | 151.00 | NOTE | |
r-oldrel-macos-arm64 | 1.4.9 | 46.00 | OK | |||
r-oldrel-macos-x86_64 | 1.4.9 | 59.00 | OK | |||
r-oldrel-windows-x86_64 | 1.4.9 | 12.00 | 144.00 | 156.00 | NOTE |
Version: 1.4.9
Check: Rd files
Result: NOTE
checkRd: (-1) subnet.simulation.Rd:33: Lost braces
33 | probability function used for picking attachment point in iterative construction of subnetworks. defaults to preferential attachment based on node degree. To disable preferential attachment, use prob_function=function(degs){rep(1/length(degs),length(degs))}
| ^
Flavors: r-devel-linux-x86_64-debian-clang, r-devel-linux-x86_64-debian-gcc
Version: 1.4.9
Check: Rd metadata
Result: NOTE
Invalid package aliases in Rd file 'LEANR-package.Rd':
‘LEAN-package’
Flavors: r-devel-linux-x86_64-debian-clang, r-devel-linux-x86_64-debian-gcc, r-devel-linux-x86_64-fedora-clang, r-devel-linux-x86_64-fedora-gcc, r-devel-windows-x86_64
Version: 1.4.9
Check: package dependencies
Result: NOTE
Package suggested but not available for checking: 'doMC'
Flavors: r-devel-windows-x86_64, r-release-windows-x86_64, r-oldrel-windows-x86_64