Last updated on 2024-07-17 20:57:03 CEST.
Flavor | Version | Tinstall | Tcheck | Ttotal | Status | Flags |
---|---|---|---|---|---|---|
r-devel-linux-x86_64-debian-clang | 1.7.0 | 2.72 | 35.10 | 37.82 | NOTE | |
r-devel-linux-x86_64-debian-gcc | 1.7.0 | 1.88 | 26.77 | 28.65 | NOTE | |
r-devel-linux-x86_64-fedora-clang | 1.7.0 | 47.63 | NOTE | |||
r-devel-linux-x86_64-fedora-gcc | 1.7.0 | 44.27 | NOTE | |||
r-devel-windows-x86_64 | 1.7.0 | 3.00 | 49.00 | 52.00 | OK | |
r-patched-linux-x86_64 | 1.7.0 | 2.83 | 35.13 | 37.96 | NOTE | |
r-release-linux-x86_64 | 1.7.0 | 2.13 | 33.70 | 35.83 | NOTE | |
r-release-macos-arm64 | 1.7.0 | 16.00 | OK | |||
r-release-macos-x86_64 | 1.7.0 | 26.00 | OK | |||
r-release-windows-x86_64 | 1.7.0 | 4.00 | 49.00 | 53.00 | OK | |
r-oldrel-macos-arm64 | 1.7.0 | 19.00 | OK | |||
r-oldrel-macos-x86_64 | 1.7.0 | 29.00 | OK | |||
r-oldrel-windows-x86_64 | 1.7.0 | 4.00 | 50.00 | 54.00 | OK |
Version: 1.7.0
Check: for non-standard things in the check directory
Result: NOTE
Found the following files/directories:
‘temp.float.csv’ ‘temp.result.athena.csv’
Flavors: r-devel-linux-x86_64-debian-clang, r-devel-linux-x86_64-debian-gcc, r-devel-linux-x86_64-fedora-clang, r-devel-linux-x86_64-fedora-gcc, r-patched-linux-x86_64, r-release-linux-x86_64