Last updated on 2025-11-23 20:48:52 CET.
| Flavor | Version | Tinstall | Tcheck | Ttotal | Status | Flags |
|---|---|---|---|---|---|---|
| r-devel-linux-x86_64-debian-clang | 1.5.0 | 4.71 | 115.72 | 120.43 | NOTE | |
| r-devel-linux-x86_64-debian-gcc | 1.5.0 | 3.59 | 74.96 | 78.55 | NOTE | |
| r-devel-linux-x86_64-fedora-clang | 1.5.0 | 12.00 | 180.66 | 192.66 | OK | |
| r-devel-windows-x86_64 | 1.5.0 | 8.00 | 140.00 | 148.00 | OK | |
| r-patched-linux-x86_64 | 1.5.0 | 5.24 | 111.46 | 116.70 | OK | |
| r-release-linux-x86_64 | 1.5.0 | 4.86 | 111.86 | 116.72 | OK | |
| r-release-macos-arm64 | 1.5.0 | OK | ||||
| r-release-macos-x86_64 | 1.5.0 | 4.00 | 123.00 | 127.00 | OK | |
| r-release-windows-x86_64 | 1.5.0 | 5.00 | 142.00 | 147.00 | OK | |
| r-oldrel-macos-arm64 | 1.5.0 | OK | ||||
| r-oldrel-macos-x86_64 | 1.5.0 | 5.00 | 100.00 | 105.00 | OK | |
| r-oldrel-windows-x86_64 | 1.5.0 | 6.00 | 187.00 | 193.00 | OK |
Version: 1.5.0
Check: CRAN incoming feasibility
Result: NOTE
Maintainer: ‘Jinsong Chen <jinsong.chen@live.com>’
No Authors@R field in DESCRIPTION.
Please add one, modifying
Authors@R: person(given = "Jinsong",
family = "Chen",
role = c("aut", "cre", "cph"),
email = "jinsong.chen@live.com")
as necessary.
Flavors: r-devel-linux-x86_64-debian-clang, r-devel-linux-x86_64-debian-gcc