Last updated on 2025-07-12 20:50:34 CEST.
Flavor | Version | Tinstall | Tcheck | Ttotal | Status | Flags |
---|---|---|---|---|---|---|
r-devel-linux-x86_64-debian-clang | 1.0 | 2.47 | 66.17 | 68.64 | NOTE | |
r-devel-linux-x86_64-debian-gcc | 1.0 | 2.04 | 43.05 | 45.09 | NOTE | |
r-devel-linux-x86_64-fedora-clang | 1.0 | 105.67 | OK | |||
r-devel-linux-x86_64-fedora-gcc | 1.0 | 113.34 | OK | |||
r-devel-windows-x86_64 | 1.0 | 3.00 | 91.00 | 94.00 | OK | |
r-patched-linux-x86_64 | 1.0 | 3.33 | 59.99 | 63.32 | OK | |
r-release-linux-x86_64 | 1.0 | 2.54 | 60.28 | 62.82 | OK | |
r-release-macos-arm64 | 1.0 | 36.00 | OK | |||
r-release-macos-x86_64 | 1.0 | 74.00 | OK | |||
r-release-windows-x86_64 | 1.0 | 4.00 | 92.00 | 96.00 | OK | |
r-oldrel-macos-arm64 | 1.0 | 35.00 | OK | |||
r-oldrel-macos-x86_64 | 1.0 | 59.00 | OK | |||
r-oldrel-windows-x86_64 | 1.0 | 4.00 | 94.00 | 98.00 | OK |
Version: 1.0
Check: CRAN incoming feasibility
Result: NOTE
Maintainer: ‘Rui Lin <ruilin1081@gmail.com>’
The Description field contains
<arXiv:2208.13074>.
Please refer to arXiv e-prints via their arXiv DOI <doi:10.48550/arXiv.YYMM.NNNNN>.
Flavors: r-devel-linux-x86_64-debian-clang, r-devel-linux-x86_64-debian-gcc