Last updated on 2025-11-19 20:49:56 CET.
| Flavor | Version | Tinstall | Tcheck | Ttotal | Status | Flags |
|---|---|---|---|---|---|---|
| r-devel-linux-x86_64-debian-clang | 2.0 | 8.49 | 131.68 | 140.17 | NOTE | |
| r-devel-linux-x86_64-debian-gcc | 2.0 | 6.02 | 92.01 | 98.03 | NOTE | |
| r-devel-linux-x86_64-fedora-clang | 2.0 | 22.00 | 193.10 | 215.10 | NOTE | |
| r-devel-linux-x86_64-fedora-gcc | 2.0 | 42.00 | 190.72 | 232.72 | NOTE | |
| r-devel-windows-x86_64 | 2.0 | 12.00 | 184.00 | 196.00 | OK | |
| r-patched-linux-x86_64 | 2.0 | 9.05 | 124.00 | 133.05 | OK | |
| r-release-linux-x86_64 | 2.0 | 8.72 | 122.13 | 130.85 | OK | |
| r-release-macos-arm64 | 2.0 | OK | ||||
| r-release-macos-x86_64 | 2.0 | 8.00 | 135.00 | 143.00 | OK | |
| r-release-windows-x86_64 | 2.0 | 11.00 | 184.00 | 195.00 | OK | |
| r-oldrel-macos-arm64 | 2.0 | OK | ||||
| r-oldrel-macos-x86_64 | 2.0 | 7.00 | 96.00 | 103.00 | OK | |
| r-oldrel-windows-x86_64 | 2.0 | 14.00 | 205.00 | 219.00 | OK |
Version: 2.0
Check: CRAN incoming feasibility
Result: NOTE
Maintainer: ‘Jocelyn Chi <jocetchi@gmail.com>’
Package CITATION file contains call(s) to old-style citEntry(). Please
use bibentry() instead.
Flavors: r-devel-linux-x86_64-debian-clang, r-devel-linux-x86_64-debian-gcc
Version: 2.0
Check: dependencies in R code
Result: NOTE
Namespace in Imports field not imported from: ‘robustbase’
All declared Imports should be used.
Flavors: r-devel-linux-x86_64-fedora-clang, r-devel-linux-x86_64-fedora-gcc