Last updated on 2025-05-03 21:51:22 CEST.
Flavor | Version | Tinstall | Tcheck | Ttotal | Status | Flags |
---|---|---|---|---|---|---|
r-devel-linux-x86_64-debian-clang | 2.0.2 | 28.20 | 38.51 | 66.71 | NOTE | |
r-devel-linux-x86_64-debian-gcc | 2.0.2 | 18.53 | 29.78 | 48.31 | NOTE | |
r-devel-linux-x86_64-fedora-clang | 2.0.2 | 139.97 | OK | |||
r-devel-linux-x86_64-fedora-gcc | 2.0.2 | 123.88 | OK | |||
r-devel-windows-x86_64 | 2.0.2 | 37.00 | 105.00 | 142.00 | OK | |
r-patched-linux-x86_64 | 2.0.2 | 24.18 | 36.94 | 61.12 | OK | |
r-release-linux-x86_64 | OK | |||||
r-release-macos-arm64 | 2.0.2 | 38.00 | OK | |||
r-release-macos-x86_64 | 2.0.2 | 58.00 | OK | |||
r-release-windows-x86_64 | 2.0.2 | 41.00 | 89.00 | 130.00 | OK | |
r-oldrel-macos-arm64 | 2.0.2 | 36.00 | OK | |||
r-oldrel-macos-x86_64 | 2.0.2 | 83.00 | OK | |||
r-oldrel-windows-x86_64 | 2.0.2 | 36.00 | 92.00 | 128.00 | OK |
Version: 2.0.2
Check: CRAN incoming feasibility
Result: NOTE
Maintainer: ‘Dimitrina S. Dimitrova <D.Dimitrova@city.ac.uk>’
No Authors@R field in DESCRIPTION.
Please add one, modifying
Authors@R: c(person(given = c("Dimitrina", "S."),
family = "Dimitrova",
role = c("aut", "cre"),
email = "D.Dimitrova@city.ac.uk"),
person(given = "Yun",
family = "Jia",
role = "aut",
email = "yunjia2019@gmail.com"),
person(given = c("Vladimir", "K."),
family = "Kaishev",
role = "aut",
email = "Vladimir.Kaishev.1@city.ac.uk"),
person(given = "Senren",
family = "Tan",
role = "aut",
email = "raymondtsrtsr@outlook.com"))
as necessary.
Flavors: r-devel-linux-x86_64-debian-clang, r-devel-linux-x86_64-debian-gcc