Last updated on 2025-11-23 20:48:52 CET.
| Flavor | Version | Tinstall | Tcheck | Ttotal | Status | Flags |
|---|---|---|---|---|---|---|
| r-devel-linux-x86_64-debian-clang | 2.0.2 | 27.87 | 42.64 | 70.51 | NOTE | |
| r-devel-linux-x86_64-debian-gcc | 2.0.2 | 18.07 | 32.23 | 50.30 | NOTE | |
| r-devel-linux-x86_64-fedora-clang | 2.0.2 | 74.00 | 59.72 | 133.72 | OK | |
| r-devel-windows-x86_64 | 2.0.2 | 52.00 | 85.00 | 137.00 | OK | |
| r-patched-linux-x86_64 | 2.0.2 | 24.49 | 38.69 | 63.18 | OK | |
| r-release-linux-x86_64 | 2.0.2 | 25.63 | 39.14 | 64.77 | OK | |
| r-release-macos-arm64 | 2.0.2 | OK | ||||
| r-release-macos-x86_64 | 2.0.2 | 22.00 | 36.00 | 58.00 | OK | |
| r-release-windows-x86_64 | 2.0.2 | 41.00 | 107.00 | 148.00 | OK | |
| r-oldrel-macos-arm64 | 2.0.2 | OK | ||||
| r-oldrel-macos-x86_64 | 2.0.2 | 29.00 | 54.00 | 83.00 | OK | |
| r-oldrel-windows-x86_64 | 2.0.2 | 37.00 | 93.00 | 130.00 | OK |
Version: 2.0.2
Check: CRAN incoming feasibility
Result: NOTE
Maintainer: ‘Dimitrina S. Dimitrova <D.Dimitrova@city.ac.uk>’
No Authors@R field in DESCRIPTION.
Please add one, modifying
Authors@R: c(person(given = c("Dimitrina", "S."),
family = "Dimitrova",
role = c("aut", "cre"),
email = "D.Dimitrova@city.ac.uk"),
person(given = "Yun",
family = "Jia",
role = "aut",
email = "yunjia2019@gmail.com"),
person(given = c("Vladimir", "K."),
family = "Kaishev",
role = "aut",
email = "Vladimir.Kaishev.1@city.ac.uk"),
person(given = "Senren",
family = "Tan",
role = "aut",
email = "raymondtsrtsr@outlook.com"))
as necessary.
Flavors: r-devel-linux-x86_64-debian-clang, r-devel-linux-x86_64-debian-gcc