CRAN Package Check Results for Package KOFM

Last updated on 2025-02-06 19:49:26 CET.

Flavor Version Tinstall Tcheck Ttotal Status Flags
r-devel-linux-x86_64-debian-clang 0.1.1 6.93 93.86 100.79 OK
r-devel-linux-x86_64-debian-gcc 0.1.1 4.72 66.34 71.06 OK
r-devel-linux-x86_64-fedora-clang 0.1.1 160.90 OK
r-devel-linux-x86_64-fedora-gcc 0.1.1 175.74 OK
r-devel-windows-x86_64 0.1.1 8.00 95.00 103.00 ERROR
r-patched-linux-x86_64 0.1.1 6.38 92.64 99.02 OK
r-release-linux-x86_64 0.1.1 6.54 93.14 99.68 OK
r-release-macos-arm64 0.1.1 61.00 OK
r-release-macos-x86_64 0.1.1 187.00 OK
r-release-windows-x86_64 0.1.1 8.00 99.00 107.00 ERROR
r-oldrel-macos-arm64 0.1.1 68.00 OK
r-oldrel-macos-x86_64 0.1.1 173.00 OK
r-oldrel-windows-x86_64 0.1.1 10.00 131.00 141.00 OK

Check Details

Version: 0.1.1
Check: re-building of vignette outputs
Result: ERROR Error(s) in re-building vignettes: --- re-building 'A-short-introduction-to-KOFM.Rmd' using rmarkdown Quitting from lines 173-179 [unnamed-chunk-15] (A-short-introduction-to-KOFM.Rmd) Error: processing vignette 'A-short-introduction-to-KOFM.Rmd' failed with diagnostics: infinite or missing values in 'x' --- failed re-building 'A-short-introduction-to-KOFM.Rmd' SUMMARY: processing the following file failed: 'A-short-introduction-to-KOFM.Rmd' Error: Vignette re-building failed. Execution halted Flavor: r-devel-windows-x86_64

Version: 0.1.1
Check: re-building of vignette outputs
Result: ERROR Error(s) in re-building vignettes: --- re-building 'A-short-introduction-to-KOFM.Rmd' using rmarkdown Quitting from lines 182-188 [unnamed-chunk-16] (A-short-introduction-to-KOFM.Rmd) Error: processing vignette 'A-short-introduction-to-KOFM.Rmd' failed with diagnostics: infinite or missing values in 'x' --- failed re-building 'A-short-introduction-to-KOFM.Rmd' SUMMARY: processing the following file failed: 'A-short-introduction-to-KOFM.Rmd' Error: Vignette re-building failed. Execution halted Flavor: r-release-windows-x86_64