Last updated on 2025-11-03 21:50:25 CET.
| Flavor | Version | Tinstall | Tcheck | Ttotal | Status | Flags | 
|---|---|---|---|---|---|---|
| r-devel-linux-x86_64-debian-clang | 0.1.1 | 6.35 | 99.92 | 106.27 | OK | |
| r-devel-linux-x86_64-debian-gcc | 0.1.1 | 4.97 | 68.18 | 73.15 | OK | |
| r-devel-linux-x86_64-fedora-clang | 0.1.1 | 25.00 | 148.04 | 173.04 | OK | |
| r-devel-linux-x86_64-fedora-gcc | 0.1.1 | 14.00 | 159.90 | 173.90 | OK | |
| r-devel-windows-x86_64 | 0.1.1 | 8.00 | 90.00 | 98.00 | ERROR | |
| r-patched-linux-x86_64 | 0.1.1 | 6.95 | 99.62 | 106.57 | OK | |
| r-release-linux-x86_64 | 0.1.1 | 6.58 | 96.27 | 102.85 | OK | |
| r-release-macos-arm64 | 0.1.1 | 4.00 | 69.00 | 73.00 | OK | |
| r-release-macos-x86_64 | 0.1.1 | 5.00 | 100.00 | 105.00 | OK | |
| r-release-windows-x86_64 | 0.1.1 | 8.00 | 86.00 | 94.00 | ERROR | |
| r-oldrel-macos-arm64 | 0.1.1 | 4.00 | 57.00 | 61.00 | OK | |
| r-oldrel-macos-x86_64 | 0.1.1 | 21.00 | 166.00 | 187.00 | OK | |
| r-oldrel-windows-x86_64 | 0.1.1 | 11.00 | 118.00 | 129.00 | ERROR | 
Version: 0.1.1
Check: re-building of vignette outputs
Result: ERROR
  Error(s) in re-building vignettes:
  --- re-building 'A-short-introduction-to-KOFM.Rmd' using rmarkdown
  
  Quitting from A-short-introduction-to-KOFM.Rmd:172-179 [unnamed-chunk-15]
  ~~~~~~~~~~~~~~~~~~~~~~~~~~~~~~~~~~~~~~~~~~~~~~~~~~~~~~~~~~~~~~~~~~~~~~~~~~~~~~~~
  <error/rlang_error>
  Error in `svd()`:
  ! infinite or missing values in 'x'
  ---
  Backtrace:
      ▆
   1. └─KOFM::testKron_auto(...)
   2.   └─base::svd(...)
  ~~~~~~~~~~~~~~~~~~~~~~~~~~~~~~~~~~~~~~~~~~~~~~~~~~~~~~~~~~~~~~~~~~~~~~~~~~~~~~~~
  
  Error: processing vignette 'A-short-introduction-to-KOFM.Rmd' failed with diagnostics:
  infinite or missing values in 'x'
  --- failed re-building 'A-short-introduction-to-KOFM.Rmd'
  
  SUMMARY: processing the following file failed:
    'A-short-introduction-to-KOFM.Rmd'
  
  Error: Vignette re-building failed.
  Execution halted
Flavors: r-devel-windows-x86_64, r-release-windows-x86_64, r-oldrel-windows-x86_64