Last updated on 2025-05-06 20:50:44 CEST.
Flavor | Version | Tinstall | Tcheck | Ttotal | Status | Flags |
---|---|---|---|---|---|---|
r-devel-linux-x86_64-debian-clang | 2.4.1 | 53.32 | 82.33 | 135.65 | OK | |
r-devel-linux-x86_64-debian-gcc | 2.4.1 | 37.27 | 63.12 | 100.39 | OK | |
r-devel-linux-x86_64-fedora-clang | 2.4.1 | 262.77 | OK | |||
r-devel-linux-x86_64-fedora-gcc | 2.4.1 | 271.03 | OK | |||
r-devel-windows-x86_64 | 2.4.1 | 67.00 | 123.00 | 190.00 | OK | |
r-patched-linux-x86_64 | 2.4.1 | 50.87 | 79.16 | 130.03 | OK | |
r-release-linux-x86_64 | 2.4.1 | 48.30 | 79.42 | 127.72 | OK | |
r-release-macos-arm64 | 2.4.1 | 78.00 | OK | |||
r-release-macos-x86_64 | 2.4.1 | 110.00 | OK | |||
r-release-windows-x86_64 | 2.4.1 | 67.00 | 124.00 | 191.00 | OK | |
r-oldrel-macos-arm64 | 2.4.1 | 69.00 | NOTE | |||
r-oldrel-macos-x86_64 | 2.4.1 | 134.00 | NOTE | |||
r-oldrel-windows-x86_64 | 2.4.1 | 75.00 | 152.00 | 227.00 | OK |
Version: 2.4.1
Check: installed package size
Result: NOTE
installed size is 6.8Mb
sub-directories of 1Mb or more:
data 1.6Mb
libs 4.1Mb
Flavors: r-oldrel-macos-arm64, r-oldrel-macos-x86_64