Last updated on 2024-07-17 20:57:02 CEST.
Flavor | Version | Tinstall | Tcheck | Ttotal | Status | Flags |
---|---|---|---|---|---|---|
r-devel-linux-x86_64-debian-clang | 0.1.0 | 17.39 | 132.44 | 149.83 | NOTE | |
r-devel-linux-x86_64-debian-gcc | 0.1.0 | 12.26 | 97.54 | 109.80 | NOTE | |
r-devel-linux-x86_64-fedora-clang | 0.1.0 | 184.88 | NOTE | |||
r-devel-linux-x86_64-fedora-gcc | 0.1.0 | 168.52 | NOTE | |||
r-devel-windows-x86_64 | 0.1.0 | 13.00 | 103.00 | 116.00 | NOTE | |
r-patched-linux-x86_64 | 0.1.0 | 10.29 | 126.64 | 136.93 | NOTE | |
r-release-linux-x86_64 | 0.1.0 | 9.84 | 122.55 | 132.39 | NOTE | |
r-release-macos-arm64 | 0.1.0 | 50.00 | NOTE | |||
r-release-macos-x86_64 | 0.1.0 | 79.00 | NOTE | |||
r-release-windows-x86_64 | 0.1.0 | 15.00 | 103.00 | 118.00 | NOTE | |
r-oldrel-macos-arm64 | 0.1.0 | 59.00 | NOTE | |||
r-oldrel-macos-x86_64 | 0.1.0 | 88.00 | NOTE | |||
r-oldrel-windows-x86_64 | 0.1.0 | 19.00 | 124.00 | 143.00 | NOTE |
Version: 0.1.0
Check: LazyData
Result: NOTE
'LazyData' is specified without a 'data' directory
Flavors: r-devel-linux-x86_64-debian-clang, r-devel-linux-x86_64-debian-gcc, r-devel-linux-x86_64-fedora-clang, r-devel-linux-x86_64-fedora-gcc, r-devel-windows-x86_64, r-patched-linux-x86_64, r-release-linux-x86_64, r-release-macos-arm64, r-release-macos-x86_64, r-release-windows-x86_64, r-oldrel-macos-arm64, r-oldrel-macos-x86_64, r-oldrel-windows-x86_64