Last updated on 2025-05-09 20:49:53 CEST.
Flavor | Version | Tinstall | Tcheck | Ttotal | Status | Flags |
---|---|---|---|---|---|---|
r-devel-linux-x86_64-debian-clang | 0.1.0 | 15.35 | 109.02 | 124.37 | NOTE | |
r-devel-linux-x86_64-debian-gcc | 0.1.0 | 9.09 | 78.66 | 87.75 | NOTE | |
r-devel-linux-x86_64-fedora-clang | 0.1.0 | 190.49 | OK | |||
r-devel-linux-x86_64-fedora-gcc | 0.1.0 | 191.50 | OK | |||
r-devel-windows-x86_64 | 0.1.0 | 15.00 | 103.00 | 118.00 | OK | |
r-patched-linux-x86_64 | 0.1.0 | 12.50 | 100.36 | 112.86 | OK | |
r-release-linux-x86_64 | 0.1.0 | 10.03 | 99.91 | 109.94 | OK | |
r-release-macos-arm64 | 0.1.0 | 50.00 | OK | |||
r-release-macos-x86_64 | 0.1.0 | 89.00 | OK | |||
r-release-windows-x86_64 | 0.1.0 | 14.00 | 104.00 | 118.00 | OK | |
r-oldrel-macos-arm64 | 0.1.0 | 50.00 | NOTE | |||
r-oldrel-macos-x86_64 | 0.1.0 | 79.00 | NOTE | |||
r-oldrel-windows-x86_64 | 0.1.0 | 19.00 | 135.00 | 154.00 | NOTE |
Version: 0.1.0
Check: CRAN incoming feasibility
Result: NOTE
Maintainer: ‘Karne Chaithanya Sai <karnechaithanyasai@gmail.com>’
No Authors@R field in DESCRIPTION.
Please add one, modifying
Authors@R: person(given = c("Karne", "Chaithanya"),
family = "Sai",
role = c("aut", "cre"),
email = "karnechaithanyasai@gmail.com")
as necessary.
Flavors: r-devel-linux-x86_64-debian-clang, r-devel-linux-x86_64-debian-gcc
Version: 0.1.0
Check: LazyData
Result: NOTE
'LazyData' is specified without a 'data' directory
Flavors: r-oldrel-macos-arm64, r-oldrel-macos-x86_64, r-oldrel-windows-x86_64