Last updated on 2024-04-25 20:48:26 CEST.
Flavor | Version | Tinstall | Tcheck | Ttotal | Status | Flags |
---|---|---|---|---|---|---|
r-devel-linux-x86_64-debian-clang | 0.1.9 | 1.33 | 143.90 | 145.23 | NOTE | |
r-devel-linux-x86_64-debian-gcc | 0.1.9 | 1.78 | 100.89 | 102.67 | NOTE | |
r-devel-linux-x86_64-fedora-clang | 0.1.9 | 175.96 | NOTE | |||
r-devel-linux-x86_64-fedora-gcc | 0.1.9 | 180.88 | NOTE | |||
r-devel-windows-x86_64 | 0.1.9 | 3.00 | 106.00 | 109.00 | NOTE | |
r-patched-linux-x86_64 | 0.1.9 | 2.41 | 141.54 | 143.95 | NOTE | |
r-release-linux-x86_64 | 0.1.9 | 1.69 | 131.41 | 133.10 | NOTE | |
r-release-macos-arm64 | 0.1.9 | 46.00 | NOTE | |||
r-release-windows-x86_64 | 0.1.9 | 3.00 | 108.00 | 111.00 | NOTE | |
r-oldrel-macos-arm64 | 0.1.9 | 49.00 | NOTE | |||
r-oldrel-macos-x86_64 | 0.1.9 | 92.00 | NOTE | |||
r-oldrel-windows-x86_64 | 0.1.9 | 3.00 | 150.00 | 153.00 | NOTE |
Version: 0.1.9
Check: LazyData
Result: NOTE
'LazyData' is specified without a 'data' directory
Flavors: r-devel-linux-x86_64-debian-clang, r-devel-linux-x86_64-debian-gcc, r-devel-linux-x86_64-fedora-clang, r-devel-linux-x86_64-fedora-gcc, r-devel-windows-x86_64, r-patched-linux-x86_64, r-release-linux-x86_64, r-release-macos-arm64, r-release-windows-x86_64, r-oldrel-macos-arm64, r-oldrel-macos-x86_64, r-oldrel-windows-x86_64
Version: 0.1.9
Check: dependencies in R code
Result: NOTE
Namespace in Imports field not imported from: ‘GA’
All declared Imports should be used.
Flavors: r-devel-linux-x86_64-fedora-clang, r-devel-linux-x86_64-fedora-gcc