Last updated on 2023-11-29 19:54:10 CET.
Flavor | Version | Tinstall | Tcheck | Ttotal | Status | Flags |
---|---|---|---|---|---|---|
r-devel-linux-x86_64-debian-clang | 0.2.1 | 4.15 | 266.69 | 270.84 | NOTE | |
r-devel-linux-x86_64-debian-gcc | 0.2.1 | 3.54 | 193.05 | 196.59 | NOTE | |
r-devel-linux-x86_64-fedora-clang | 0.2.1 | 314.90 | OK | |||
r-devel-linux-x86_64-fedora-gcc | 0.2.1 | 339.88 | OK | |||
r-devel-windows-x86_64 | 0.2.1 | 6.00 | 175.00 | 181.00 | OK | |
r-patched-linux-x86_64 | 0.2.1 | 11.59 | 258.51 | 270.10 | OK | |
r-release-linux-x86_64 | 0.2.1 | 2.84 | 248.78 | 251.62 | OK | |
r-release-macos-arm64 | 0.2.1 | 91.00 | OK | |||
r-release-macos-x86_64 | 0.2.1 | 168.00 | OK | |||
r-release-windows-x86_64 | 0.2.1 | 6.00 | 221.00 | 227.00 | OK | |
r-oldrel-macos-arm64 | 0.2.1 | 73.00 | OK | |||
r-oldrel-macos-x86_64 | 0.2.1 | 104.00 | OK | |||
r-oldrel-windows-x86_64 | 0.2.1 | 7.00 | 221.00 | 228.00 | OK |
Version: 0.2.1
Check: Rd files
Result: NOTE
checkRd: (-1) compute_indirect_effect_for.Rd:47: Lost braces; missing escapes or markup?
47 | Thanks to the returned values of \eqn{a}{a} and {b}{b} (\eqn{b_51}{b_51}
| ^
checkRd: (-1) compute_indirect_effect_for.Rd:47: Lost braces
47 | Thanks to the returned values of \eqn{a}{a} and {b}{b} (\eqn{b_51}{b_51}
| ^
checkRd: (-1) mdt_simple.Rd:64: Lost braces; missing escapes or markup?
64 | through {M} (see Models section).
| ^
checkRd: (-1) mdt_within.Rd:76: Lost braces; missing escapes or markup?
76 | through {M} (see Models section).
| ^
checkRd: (-1) mdt_within_wide.Rd:73: Lost braces; missing escapes or markup?
73 | through {M} (see Models section).
| ^
Flavors: r-devel-linux-x86_64-debian-clang, r-devel-linux-x86_64-debian-gcc