Last updated on 2024-03-27 19:56:55 CET.
Flavor | Version | Tinstall | Tcheck | Ttotal | Status | Flags |
---|---|---|---|---|---|---|
r-devel-linux-x86_64-debian-clang | 1.0.1 | 312.04 | 205.53 | 517.57 | OK | |
r-devel-linux-x86_64-debian-gcc | 1.0.1 | 236.23 | 157.11 | 393.34 | OK | |
r-devel-linux-x86_64-fedora-clang | 1.0.1 | 747.33 | OK | |||
r-devel-linux-x86_64-fedora-gcc | 1.0.1 | 729.21 | OK | |||
r-devel-windows-x86_64 | 1.0.1 | 233.00 | 207.00 | 440.00 | OK | |
r-patched-linux-x86_64 | 1.0.1 | 298.95 | 218.97 | 517.92 | OK | |
r-release-linux-x86_64 | 1.0.1 | 312.66 | 214.11 | 526.77 | OK | |
r-release-macos-arm64 | 1.0.1 | 177.00 | NOTE | |||
r-release-macos-x86_64 | 1.0.1 | 309.00 | NOTE | |||
r-release-windows-x86_64 | 1.0.1 | 293.00 | 247.00 | 540.00 | OK | |
r-oldrel-macos-arm64 | 1.0.1 | 167.00 | NOTE | |||
r-oldrel-windows-x86_64 | 1.0.1 | 271.00 | 229.00 | 500.00 | OK |
Version: 1.0.1
Check: installed package size
Result: NOTE
installed size is 16.9Mb
sub-directories of 1Mb or more:
libs 16.4Mb
Flavors: r-release-macos-arm64, r-release-macos-x86_64, r-oldrel-macos-arm64