Last updated on 2025-11-23 20:48:52 CET.
| Flavor | Version | Tinstall | Tcheck | Ttotal | Status | Flags |
|---|---|---|---|---|---|---|
| r-devel-linux-x86_64-debian-clang | 0.1.0 | 24.35 | 22.95 | 47.30 | NOTE | |
| r-devel-linux-x86_64-debian-gcc | 0.1.0 | 14.42 | 19.07 | 33.49 | NOTE | |
| r-devel-linux-x86_64-fedora-clang | 0.1.0 | 45.00 | 34.14 | 79.14 | OK | |
| r-devel-windows-x86_64 | 0.1.0 | 31.00 | 59.00 | 90.00 | OK | |
| r-patched-linux-x86_64 | 0.1.0 | 22.51 | 21.87 | 44.38 | OK | |
| r-release-linux-x86_64 | 0.1.0 | 20.84 | 21.99 | 42.83 | OK | |
| r-release-macos-arm64 | 0.1.0 | OK | ||||
| r-release-macos-x86_64 | 0.1.0 | 19.00 | 31.00 | 50.00 | OK | |
| r-release-windows-x86_64 | 0.1.0 | 27.00 | 72.00 | 99.00 | OK | |
| r-oldrel-macos-arm64 | 0.1.0 | NOTE | ||||
| r-oldrel-macos-x86_64 | 0.1.0 | 11.00 | 30.00 | 41.00 | NOTE | |
| r-oldrel-windows-x86_64 | 0.1.0 | 30.00 | 69.00 | 99.00 | NOTE |
Version: 0.1.0
Check: CRAN incoming feasibility
Result: NOTE
Maintainer: ‘Zeng Xianli <a0123862@u.nus.edu>’
No Authors@R field in DESCRIPTION.
Please add one, modifying
Authors@R: c(person(given = "Zeng",
family = "Xianli",
role = c("aut", "cre"),
email = "a0123862@u.nus.edu"),
person(given = "Hang",
family = "Weiqiang",
role = "aut",
email = "e0010758@u.nus.edu"))
as necessary.
Flavors: r-devel-linux-x86_64-debian-clang, r-devel-linux-x86_64-debian-gcc
Version: 0.1.0
Check: LazyData
Result: NOTE
'LazyData' is specified without a 'data' directory
Flavors: r-oldrel-macos-arm64, r-oldrel-macos-x86_64, r-oldrel-windows-x86_64