Last updated on 2024-07-17 20:57:02 CEST.
Flavor | Version | Tinstall | Tcheck | Ttotal | Status | Flags |
---|---|---|---|---|---|---|
r-devel-linux-x86_64-debian-clang | 1.0.2 | 21.04 | 88.06 | 109.10 | NOTE | |
r-devel-linux-x86_64-debian-gcc | 1.0.2 | 17.17 | 63.96 | 81.13 | NOTE | |
r-devel-linux-x86_64-fedora-clang | 1.0.2 | 141.81 | NOTE | |||
r-devel-linux-x86_64-fedora-gcc | 1.0.2 | 133.10 | NOTE | |||
r-devel-windows-x86_64 | 1.0.2 | 21.00 | 82.00 | 103.00 | NOTE | |
r-patched-linux-x86_64 | 1.0.2 | 20.90 | 81.69 | 102.59 | NOTE | |
r-release-linux-x86_64 | 1.0.2 | 18.38 | 82.58 | 100.96 | NOTE | |
r-release-macos-arm64 | 1.0.2 | 41.00 | NOTE | |||
r-release-macos-x86_64 | 1.0.2 | 77.00 | NOTE | |||
r-release-windows-x86_64 | 1.0.2 | 21.00 | 83.00 | 104.00 | NOTE | |
r-oldrel-macos-arm64 | 1.0.2 | 136.00 | OK | |||
r-oldrel-macos-x86_64 | 1.0.2 | 102.00 | OK | |||
r-oldrel-windows-x86_64 | 1.0.2 | 27.00 | 95.00 | 122.00 | OK |
Version: 1.0.2
Check: Rd files
Result: NOTE
checkRd: (-1) jointLPM.Rd:298: Lost braces; missing escapes or markup?
298 | following transformation b_1 + b_2*I_1(Y(t)) + ... + b_{n+2}*I_{n+1}(Y(t)),
| ^
checkRd: (-1) jointLPM.Rd:298: Lost braces; missing escapes or markup?
298 | following transformation b_1 + b_2*I_1(Y(t)) + ... + b_{n+2}*I_{n+1}(Y(t)),
| ^
checkRd: (-1) jointLPM.Rd:299: Lost braces; missing escapes or markup?
299 | where I_1,...,I_{n+1} is the basis of quadratic I-splines. To constraint the
| ^
Flavors: r-devel-linux-x86_64-debian-clang, r-devel-linux-x86_64-debian-gcc, r-devel-linux-x86_64-fedora-clang, r-devel-linux-x86_64-fedora-gcc, r-devel-windows-x86_64, r-patched-linux-x86_64, r-release-linux-x86_64, r-release-macos-arm64, r-release-macos-x86_64, r-release-windows-x86_64