Last updated on 2025-05-09 20:49:53 CEST.
Flavor | Version | Tinstall | Tcheck | Ttotal | Status | Flags |
---|---|---|---|---|---|---|
r-devel-linux-x86_64-debian-clang | 2.3.2 | 4.10 | 35.90 | 40.00 | NOTE | |
r-devel-linux-x86_64-debian-gcc | 2.3.2 | 3.00 | 26.42 | 29.42 | NOTE | |
r-devel-linux-x86_64-fedora-clang | 2.3.2 | 67.65 | OK | |||
r-devel-linux-x86_64-fedora-gcc | 2.3.2 | 63.23 | OK | |||
r-devel-windows-x86_64 | 2.3.2 | 5.00 | 54.00 | 59.00 | OK | |
r-patched-linux-x86_64 | 2.3.2 | 4.06 | 33.93 | 37.99 | OK | |
r-release-linux-x86_64 | 2.3.2 | 2.72 | 34.56 | 37.28 | OK | |
r-release-macos-arm64 | 2.3.2 | 24.00 | OK | |||
r-release-macos-x86_64 | 2.3.2 | 38.00 | OK | |||
r-release-windows-x86_64 | 2.3.2 | 6.00 | 58.00 | 64.00 | OK | |
r-oldrel-macos-arm64 | 2.3.2 | 22.00 | OK | |||
r-oldrel-macos-x86_64 | 2.3.2 | 42.00 | OK | |||
r-oldrel-windows-x86_64 | 2.3.2 | 6.00 | 62.00 | 68.00 | OK |
Version: 2.3.2
Check: CRAN incoming feasibility
Result: NOTE
Maintainer: ‘Patrick Danaher <pdanaher@uw.edu>’
No Authors@R field in DESCRIPTION.
Please add one, modifying
Authors@R: person(given = "Patrick",
family = "Danaher",
role = c("aut", "cre"),
email = "pdanaher@uw.edu")
as necessary.
Flavors: r-devel-linux-x86_64-debian-clang, r-devel-linux-x86_64-debian-gcc