Last updated on 2024-07-17 20:57:02 CEST.
Flavor | Version | Tinstall | Tcheck | Ttotal | Status | Flags |
---|---|---|---|---|---|---|
r-devel-linux-x86_64-debian-clang | 0.9.2 | 41.82 | 589.23 | 631.05 | OK | |
r-devel-linux-x86_64-debian-gcc | 0.9.2 | 32.78 | 423.29 | 456.07 | OK | |
r-devel-linux-x86_64-fedora-clang | 0.9.2 | 753.03 | OK | |||
r-devel-linux-x86_64-fedora-gcc | 0.9.2 | 708.41 | OK | |||
r-devel-windows-x86_64 | 0.9.2 | 32.00 | 374.00 | 406.00 | NOTE | |
r-patched-linux-x86_64 | 0.9.2 | 39.33 | 544.27 | 583.60 | OK | |
r-release-linux-x86_64 | 0.9.2 | 39.40 | 546.81 | 586.21 | OK | |
r-release-macos-arm64 | 0.9.2 | 187.00 | OK | |||
r-release-macos-x86_64 | 0.9.2 | 301.00 | OK | |||
r-release-windows-x86_64 | 0.9.2 | 31.00 | 357.00 | 388.00 | OK | |
r-oldrel-macos-arm64 | 0.9.2 | 187.00 | OK | |||
r-oldrel-macos-x86_64 | 0.9.2 | 552.00 | OK | |||
r-oldrel-windows-x86_64 | 0.9.2 | 42.00 | 530.00 | 572.00 | OK |
Version: 0.9.2
Check: Rd cross-references
Result: NOTE
Found the following Rd file(s) with Rd \link{} targets missing package
anchors:
plots.Rd: terra
serialize.Rd: terra
Please provide package anchors for all Rd \link{} targets not in the
package itself and the base packages.
Flavor: r-devel-windows-x86_64