Last updated on 2024-07-17 20:57:02 CEST.
Flavor | Version | Tinstall | Tcheck | Ttotal | Status | Flags |
---|---|---|---|---|---|---|
r-devel-linux-x86_64-debian-clang | 0.1.40 | 8.74 | 61.29 | 70.03 | OK | |
r-devel-linux-x86_64-debian-gcc | 0.1.40 | 6.70 | 46.18 | 52.88 | OK | |
r-devel-linux-x86_64-fedora-clang | 0.1.40 | 87.30 | NOTE | |||
r-devel-linux-x86_64-fedora-gcc | 0.1.40 | 80.80 | NOTE | |||
r-devel-windows-x86_64 | 0.1.40 | 8.00 | 63.00 | 71.00 | OK | |
r-patched-linux-x86_64 | 0.1.40 | 8.05 | 59.60 | 67.65 | OK | |
r-release-linux-x86_64 | 0.1.40 | 8.28 | 58.85 | 67.13 | OK | |
r-release-macos-arm64 | 0.1.40 | 29.00 | OK | |||
r-release-macos-x86_64 | 0.1.40 | 42.00 | OK | |||
r-release-windows-x86_64 | 0.1.40 | 9.00 | 65.00 | 74.00 | OK | |
r-oldrel-macos-arm64 | 0.1.40 | 30.00 | OK | |||
r-oldrel-macos-x86_64 | 0.1.40 | 44.00 | OK | |||
r-oldrel-windows-x86_64 | 0.1.40 | 11.00 | 72.00 | 83.00 | OK |
Version: 0.1.40
Check: dependencies in R code
Result: NOTE
Namespace in Imports field not imported from: ‘rmarkdown’
All declared Imports should be used.
Flavors: r-devel-linux-x86_64-fedora-clang, r-devel-linux-x86_64-fedora-gcc