CRAN Package Check Results for Package IntegrateBs

Last updated on 2022-10-02 22:51:40 CEST.

Flavor Version Tinstall Tcheck Ttotal Status Flags
r-devel-linux-x86_64-debian-clang 0.1.0 2.00 19.89 21.89 NOTE
r-devel-linux-x86_64-debian-gcc 0.1.0 1.33 16.06 17.39 NOTE
r-devel-linux-x86_64-fedora-clang 0.1.0 39.45 NOTE
r-devel-linux-x86_64-fedora-gcc 0.1.0 39.26 NOTE
r-devel-windows-x86_64 0.1.0 11.00 44.00 55.00 NOTE
r-patched-linux-x86_64 0.1.0 1.82 19.56 21.38 NOTE
r-release-linux-x86_64 0.1.0 1.77 19.37 21.14 NOTE
r-release-macos-arm64 0.1.0 12.00 NOTE
r-release-macos-x86_64 0.1.0 18.00 NOTE
r-release-windows-x86_64 0.1.0 4.00 39.00 43.00 NOTE
r-oldrel-macos-arm64 0.1.0 15.00 NOTE
r-oldrel-macos-x86_64 0.1.0 25.00 NOTE
r-oldrel-windows-ix86+x86_64 0.1.0 4.00 30.00 34.00 NOTE

Check Details

Version: 0.1.0
Check: LazyData
Result: NOTE
     'LazyData' is specified without a 'data' directory
Flavors: r-devel-linux-x86_64-debian-clang, r-devel-linux-x86_64-debian-gcc, r-devel-linux-x86_64-fedora-clang, r-devel-linux-x86_64-fedora-gcc, r-devel-windows-x86_64, r-patched-linux-x86_64, r-release-linux-x86_64, r-release-macos-arm64, r-release-macos-x86_64, r-release-windows-x86_64, r-oldrel-macos-arm64, r-oldrel-macos-x86_64, r-oldrel-windows-ix86+x86_64