Last updated on 2024-04-22 20:53:39 CEST.
Flavor | Version | Tinstall | Tcheck | Ttotal | Status | Flags |
---|---|---|---|---|---|---|
r-devel-linux-x86_64-debian-clang | 0.1.0 | 1.78 | 19.19 | 20.97 | NOTE | |
r-devel-linux-x86_64-debian-gcc | 0.1.0 | 1.45 | 15.30 | 16.75 | NOTE | |
r-devel-linux-x86_64-fedora-clang | 0.1.0 | 27.01 | NOTE | |||
r-devel-linux-x86_64-fedora-gcc | 0.1.0 | 25.95 | NOTE | |||
r-prerel-macos-arm64 | 0.1.0 | 13.00 | NOTE | |||
r-prerel-windows-x86_64 | 0.1.0 | 3.00 | 35.00 | 38.00 | NOTE | |
r-patched-linux-x86_64 | 0.1.0 | 1.46 | 19.33 | 20.79 | NOTE | |
r-release-linux-x86_64 | 0.1.0 | 1.55 | 18.76 | 20.31 | NOTE | |
r-release-macos-arm64 | 0.1.0 | 15.00 | NOTE | |||
r-release-macos-x86_64 | 0.1.0 | 17.00 | NOTE | |||
r-release-windows-x86_64 | 0.1.0 | 2.00 | 33.00 | 35.00 | NOTE | |
r-oldrel-macos-arm64 | 0.1.0 | 15.00 | NOTE | |||
r-oldrel-windows-x86_64 | 0.1.0 | 4.00 | 39.00 | 43.00 | NOTE |
Version: 0.1.0
Check: LazyData
Result: NOTE
'LazyData' is specified without a 'data' directory
Flavors: r-devel-linux-x86_64-debian-clang, r-devel-linux-x86_64-debian-gcc, r-devel-linux-x86_64-fedora-clang, r-devel-linux-x86_64-fedora-gcc, r-prerel-macos-arm64, r-prerel-windows-x86_64, r-patched-linux-x86_64, r-release-linux-x86_64, r-release-macos-arm64, r-release-macos-x86_64, r-release-windows-x86_64, r-oldrel-macos-arm64, r-oldrel-windows-x86_64