CRAN Package Check Results for Package InjurySeverityScore

Last updated on 2023-06-05 21:59:09 CEST.

Flavor Version Tinstall Tcheck Ttotal Status Flags
r-devel-linux-x86_64-debian-clang 0.0.0.2 1.88 22.85 24.73 NOTE
r-devel-linux-x86_64-debian-gcc 0.0.0.2 1.75 17.93 19.68 NOTE
r-devel-linux-x86_64-fedora-clang 0.0.0.2 31.80 NOTE
r-devel-linux-x86_64-fedora-gcc 0.0.0.2 31.19 NOTE
r-devel-windows-x86_64 0.0.0.2 3.00 39.00 42.00 NOTE
r-patched-linux-x86_64 0.0.0.2 1.33 22.06 23.39 NOTE
r-release-linux-x86_64 0.0.0.2 2.03 21.71 23.74 NOTE
r-release-macos-arm64 0.0.0.2 17.00 NOTE
r-release-macos-x86_64 0.0.0.2 21.00 NOTE
r-release-windows-x86_64 0.0.0.2 4.00 38.00 42.00 NOTE
r-oldrel-macos-arm64 0.0.0.2 15.00 NOTE
r-oldrel-macos-x86_64 0.0.0.2 27.00 NOTE
r-oldrel-windows-x86_64 0.0.0.2 4.00 44.00 48.00 NOTE

Check Details

Version: 0.0.0.2
Check: LazyData
Result: NOTE
     'LazyData' is specified without a 'data' directory
Flavors: r-devel-linux-x86_64-debian-clang, r-devel-linux-x86_64-debian-gcc, r-devel-linux-x86_64-fedora-clang, r-devel-linux-x86_64-fedora-gcc, r-devel-windows-x86_64, r-patched-linux-x86_64, r-release-linux-x86_64, r-release-macos-arm64, r-release-macos-x86_64, r-release-windows-x86_64, r-oldrel-macos-arm64, r-oldrel-macos-x86_64, r-oldrel-windows-x86_64