Last updated on 2024-07-17 20:57:02 CEST.
Flavor | Version | Tinstall | Tcheck | Ttotal | Status | Flags |
---|---|---|---|---|---|---|
r-devel-linux-x86_64-debian-clang | 2.1.0 | 19.85 | 156.43 | 176.28 | NOTE | |
r-devel-linux-x86_64-debian-gcc | 2.1.0 | 17.40 | 110.92 | 128.32 | NOTE | |
r-devel-linux-x86_64-fedora-clang | 2.1.0 | 215.82 | NOTE | |||
r-devel-linux-x86_64-fedora-gcc | 2.1.0 | 199.13 | NOTE | |||
r-devel-windows-x86_64 | 2.1.0 | 20.00 | 124.00 | 144.00 | NOTE | |
r-patched-linux-x86_64 | 2.1.0 | 24.46 | 146.45 | 170.91 | NOTE | |
r-release-linux-x86_64 | 2.1.0 | 12.51 | 146.43 | 158.94 | NOTE | |
r-release-macos-arm64 | 2.1.0 | 59.00 | NOTE | |||
r-release-macos-x86_64 | 2.1.0 | 83.00 | NOTE | |||
r-release-windows-x86_64 | 2.1.0 | 18.00 | 126.00 | 144.00 | NOTE | |
r-oldrel-macos-arm64 | 2.1.0 | 56.00 | OK | |||
r-oldrel-macos-x86_64 | 2.1.0 | 121.00 | OK | |||
r-oldrel-windows-x86_64 | 2.1.0 | 23.00 | 151.00 | 174.00 | OK |
Version: 2.1.0
Check: Rd files
Result: NOTE
checkRd: (-1) write_workflow.Rd:8: Lost braces
8 | code{write_workflow} writes a workflow script for inference. Beyond possibly saving some typing, this suggests what may be a reasonably good starting workflow. One should not expect to control all options of the workflow through the \code{write_workflow} arguments.
| ^
Flavors: r-devel-linux-x86_64-debian-clang, r-devel-linux-x86_64-debian-gcc, r-devel-linux-x86_64-fedora-clang, r-devel-linux-x86_64-fedora-gcc, r-devel-windows-x86_64, r-patched-linux-x86_64, r-release-linux-x86_64, r-release-macos-arm64, r-release-macos-x86_64, r-release-windows-x86_64
Version: 2.1.0
Check: Rd cross-references
Result: NOTE
Found the following Rd file(s) with Rd \link{} targets missing package
anchors:
infer_logLs.Rd: HLfit
infer_surface.Rd: corrHLfit
Please provide package anchors for all Rd \link{} targets not in the
package itself and the base packages.
Flavor: r-devel-windows-x86_64