Last updated on 2025-05-09 20:49:53 CEST.
Flavor | Version | Tinstall | Tcheck | Ttotal | Status | Flags |
---|---|---|---|---|---|---|
r-devel-linux-x86_64-debian-clang | 3.0 | 4.24 | 38.02 | 42.26 | NOTE | |
r-devel-linux-x86_64-debian-gcc | 3.0 | 2.94 | 27.10 | 30.04 | NOTE | |
r-devel-linux-x86_64-fedora-clang | 3.0 | 65.15 | OK | |||
r-devel-linux-x86_64-fedora-gcc | 3.0 | 67.48 | OK | |||
r-devel-windows-x86_64 | 3.0 | 6.00 | 74.00 | 80.00 | OK | |
r-patched-linux-x86_64 | 3.0 | 5.21 | 35.09 | 40.30 | OK | |
r-release-linux-x86_64 | 3.0 | 4.03 | 35.84 | 39.87 | OK | |
r-release-macos-arm64 | 3.0 | 27.00 | OK | |||
r-release-macos-x86_64 | 3.0 | 53.00 | OK | |||
r-release-windows-x86_64 | 3.0 | 6.00 | 75.00 | 81.00 | OK | |
r-oldrel-macos-arm64 | 3.0 | 25.00 | OK | |||
r-oldrel-macos-x86_64 | 3.0 | 42.00 | OK | |||
r-oldrel-windows-x86_64 | 3.0 | 5.00 | 71.00 | 76.00 | OK |
Version: 3.0
Check: CRAN incoming feasibility
Result: NOTE
Maintainer: ‘Ana C. Cebrian <acebrian@unizar.es>’
No Authors@R field in DESCRIPTION.
Please add one, modifying
Authors@R: person(given = c("Ana", "C."),
family = "Cebrian",
role = c("aut", "cre"),
email = "acebrian@unizar.es")
as necessary.
Flavors: r-devel-linux-x86_64-debian-clang, r-devel-linux-x86_64-debian-gcc