Last updated on 2025-05-12 20:49:29 CEST.
Flavor | Version | Tinstall | Tcheck | Ttotal | Status | Flags |
---|---|---|---|---|---|---|
r-devel-linux-x86_64-debian-clang | 1.1.4.4 | 87.10 | 82.64 | 169.74 | NOTE | |
r-devel-linux-x86_64-debian-gcc | 1.1.4.4 | 56.61 | 57.53 | 114.14 | NOTE | |
r-devel-linux-x86_64-fedora-clang | 1.1.4.4 | 299.64 | NOTE | |||
r-devel-linux-x86_64-fedora-gcc | 1.1.4.4 | 327.70 | NOTE | |||
r-devel-windows-x86_64 | 1.1.4.4 | 94.00 | 111.00 | 205.00 | NOTE | |
r-patched-linux-x86_64 | 1.1.4.4 | 73.35 | 77.63 | 150.98 | NOTE | |
r-release-linux-x86_64 | 1.1.4.4 | 74.63 | 77.01 | 151.64 | NOTE | |
r-release-macos-arm64 | 1.1.4.4 | 85.00 | NOTE | |||
r-release-macos-x86_64 | 1.1.4.4 | 103.00 | NOTE | |||
r-release-windows-x86_64 | 1.1.4.4 | 96.00 | 131.00 | 227.00 | NOTE | |
r-oldrel-macos-arm64 | 1.1.4.4 | 44.00 | NOTE | |||
r-oldrel-macos-x86_64 | 1.1.4.4 | 66.00 | NOTE | |||
r-oldrel-windows-x86_64 | 1.1.4.4 | 109.00 | 143.00 | 252.00 | NOTE |
Version: 1.1.4.4
Check: CRAN incoming feasibility
Result: NOTE
Maintainer: ‘Maximilian Leodolter <maximilian.leodolter@gmail.com>’
No Authors@R field in DESCRIPTION.
Please add one, modifying
Authors@R: person(given = "Maximilian",
family = "Leodolter",
role = c("aut", "cre"),
email = "maximilian.leodolter@gmail.com")
as necessary.
Flavors: r-devel-linux-x86_64-debian-clang, r-devel-linux-x86_64-debian-gcc
Version: 1.1.4.4
Check: C++ specification
Result: NOTE
Specified C++11: please drop specification unless essential
Flavors: r-devel-linux-x86_64-debian-clang, r-devel-linux-x86_64-debian-gcc, r-devel-linux-x86_64-fedora-clang, r-devel-linux-x86_64-fedora-gcc, r-devel-windows-x86_64, r-patched-linux-x86_64, r-release-linux-x86_64, r-release-macos-arm64, r-release-macos-x86_64, r-release-windows-x86_64, r-oldrel-macos-arm64, r-oldrel-macos-x86_64, r-oldrel-windows-x86_64
Version: 1.1.4.4
Check: installed package size
Result: NOTE
installed size is 7.8Mb
sub-directories of 1Mb or more:
libs 6.0Mb
Flavors: r-oldrel-macos-arm64, r-oldrel-macos-x86_64
Version: 1.1.4.4
Check: for GNU extensions in Makefiles
Result: NOTE
GNU make is a SystemRequirements.
Flavors: r-oldrel-macos-arm64, r-oldrel-macos-x86_64, r-oldrel-windows-x86_64