Last updated on 2024-03-27 19:56:54 CET.
Flavor | Version | Tinstall | Tcheck | Ttotal | Status | Flags |
---|---|---|---|---|---|---|
r-devel-linux-x86_64-debian-clang | 1.1.4.4 | 122.90 | 99.58 | 222.48 | NOTE | |
r-devel-linux-x86_64-debian-gcc | 1.1.4.4 | 96.66 | 72.70 | 169.36 | NOTE | |
r-devel-linux-x86_64-fedora-clang | 1.1.4.4 | 321.21 | NOTE | |||
r-devel-linux-x86_64-fedora-gcc | 1.1.4.4 | 329.43 | NOTE | |||
r-devel-windows-x86_64 | 1.1.4.4 | 102.00 | 110.00 | 212.00 | NOTE | |
r-patched-linux-x86_64 | 1.1.4.4 | 126.55 | 92.02 | 218.57 | NOTE | |
r-release-linux-x86_64 | 1.1.4.4 | 128.45 | 93.16 | 221.61 | NOTE | |
r-release-macos-arm64 | 1.1.4.4 | 84.00 | NOTE | |||
r-release-macos-x86_64 | 1.1.4.4 | 130.00 | NOTE | |||
r-release-windows-x86_64 | 1.1.4.4 | 126.00 | 132.00 | 258.00 | NOTE | |
r-oldrel-macos-arm64 | 1.1.4.4 | 69.00 | NOTE | |||
r-oldrel-windows-x86_64 | 1.1.4.4 | 121.00 | 136.00 | 257.00 | NOTE |
Version: 1.1.4.4
Check: C++ specification
Result: NOTE
Specified C++11: please drop specification unless essential
Flavors: r-devel-linux-x86_64-debian-clang, r-devel-linux-x86_64-debian-gcc, r-devel-linux-x86_64-fedora-clang, r-devel-linux-x86_64-fedora-gcc, r-devel-windows-x86_64, r-patched-linux-x86_64, r-release-linux-x86_64, r-release-macos-arm64, r-release-macos-x86_64, r-release-windows-x86_64
Version: 1.1.4.4
Check: for GNU extensions in Makefiles
Result: NOTE
GNU make is a SystemRequirements.
Flavors: r-devel-linux-x86_64-debian-clang, r-devel-linux-x86_64-debian-gcc, r-devel-linux-x86_64-fedora-clang, r-devel-linux-x86_64-fedora-gcc, r-devel-windows-x86_64, r-patched-linux-x86_64, r-release-linux-x86_64, r-release-macos-arm64, r-release-macos-x86_64, r-release-windows-x86_64, r-oldrel-macos-arm64, r-oldrel-windows-x86_64
Version: 1.1.4.4
Check: installed package size
Result: NOTE
installed size is 7.1Mb
sub-directories of 1Mb or more:
libs 5.3Mb
Flavors: r-release-macos-arm64, r-release-macos-x86_64, r-oldrel-macos-arm64