Last updated on 2024-07-17 20:57:02 CEST.
Flavor | Version | Tinstall | Tcheck | Ttotal | Status | Flags |
---|---|---|---|---|---|---|
r-devel-linux-x86_64-debian-clang | 1.3 | 6.41 | 67.34 | 73.75 | OK | |
r-devel-linux-x86_64-debian-gcc | 1.3 | 6.22 | 50.17 | 56.39 | OK | |
r-devel-linux-x86_64-fedora-clang | 1.3 | 99.48 | OK | |||
r-devel-linux-x86_64-fedora-gcc | 1.3 | 88.42 | OK | |||
r-devel-windows-x86_64 | 1.3 | 8.00 | 70.00 | 78.00 | NOTE | |
r-patched-linux-x86_64 | 1.3 | 13.44 | 64.48 | 77.92 | OK | |
r-release-linux-x86_64 | 1.3 | 5.38 | 64.85 | 70.23 | OK | |
r-release-macos-arm64 | 1.3 | 29.00 | OK | |||
r-release-macos-x86_64 | 1.3 | 43.00 | OK | |||
r-release-windows-x86_64 | 1.3 | 9.00 | 71.00 | 80.00 | OK | |
r-oldrel-macos-arm64 | 1.3 | 33.00 | OK | |||
r-oldrel-macos-x86_64 | 1.3 | 49.00 | OK | |||
r-oldrel-windows-x86_64 | 1.3 | 11.00 | 79.00 | 90.00 | OK |
Version: 1.3
Check: Rd cross-references
Result: NOTE
Found the following Rd file(s) with Rd \link{} targets missing package
anchors:
excel_export.Rd: read_excel
Please provide package anchors for all Rd \link{} targets not in the
package itself and the base packages.
Flavor: r-devel-windows-x86_64