Last updated on 2024-03-27 19:56:54 CET.
Flavor | Version | Tinstall | Tcheck | Ttotal | Status | Flags |
---|---|---|---|---|---|---|
r-devel-linux-x86_64-debian-clang | 2.5.5 | 37.24 | 293.47 | 330.71 | NOTE | |
r-devel-linux-x86_64-debian-gcc | 2.5.5 | 27.29 | 209.95 | 237.24 | NOTE | |
r-devel-linux-x86_64-fedora-clang | 2.5.5 | 395.29 | NOTE | |||
r-devel-linux-x86_64-fedora-gcc | 2.5.5 | 385.70 | NOTE | |||
r-devel-windows-x86_64 | 2.5.5 | 25.00 | 187.00 | 212.00 | NOTE | |
r-patched-linux-x86_64 | 2.5.5 | 22.07 | 282.12 | 304.19 | OK | |
r-release-linux-x86_64 | 2.5.5 | 20.24 | 281.52 | 301.76 | OK | |
r-release-macos-arm64 | 2.5.5 | 92.00 | OK | |||
r-release-macos-x86_64 | 2.5.5 | 289.00 | OK | |||
r-release-windows-x86_64 | 2.5.5 | 35.00 | 264.00 | 299.00 | OK | |
r-oldrel-macos-arm64 | 2.5.5 | 90.00 | OK | |||
r-oldrel-windows-x86_64 | 2.5.5 | 37.00 | 238.00 | 275.00 | OK |
Version: 2.5.5
Check: Rd files
Result: NOTE
checkRd: (-1) is_israd_database.Rd:19: Lost braces in \itemize; meant \describe ?
checkRd: (-1) is_israd_database.Rd:20: Lost braces in \itemize; meant \describe ?
checkRd: (-1) is_israd_database.Rd:21: Lost braces in \itemize; meant \describe ?
checkRd: (-1) is_israd_database.Rd:22: Lost braces in \itemize; meant \describe ?
checkRd: (-1) is_israd_database.Rd:23: Lost braces in \itemize; meant \describe ?
checkRd: (-1) is_israd_database.Rd:24: Lost braces in \itemize; meant \describe ?
checkRd: (-1) is_israd_database.Rd:25: Lost braces in \itemize; meant \describe ?
checkRd: (-1) is_israd_database.Rd:26: Lost braces in \itemize; meant \describe ?
Flavors: r-devel-linux-x86_64-debian-clang, r-devel-linux-x86_64-debian-gcc, r-devel-linux-x86_64-fedora-clang, r-devel-linux-x86_64-fedora-gcc, r-devel-windows-x86_64
Version: 2.5.5
Check: data for non-ASCII characters
Result: NOTE
Note: found 1 marked UTF-8 string
Flavors: r-devel-linux-x86_64-fedora-clang, r-devel-linux-x86_64-fedora-gcc