CRAN Package Check Results for Package IPCWK

Last updated on 2022-09-27 21:53:52 CEST.

Flavor Version Tinstall Tcheck Ttotal Status Flags
r-devel-linux-x86_64-debian-clang 1.0 8.01 69.66 77.67 NOTE
r-devel-linux-x86_64-debian-gcc 1.0 5.80 53.85 59.65 NOTE
r-devel-linux-x86_64-fedora-clang 1.0 106.21 NOTE
r-devel-linux-x86_64-fedora-gcc 1.0 108.98 NOTE
r-devel-windows-x86_64 1.0 10.00 94.00 104.00 NOTE
r-patched-linux-x86_64 1.0 7.79 66.39 74.18 NOTE
r-release-linux-x86_64 1.0 7.44 66.02 73.46 NOTE
r-release-macos-arm64 1.0 32.00 NOTE
r-release-macos-x86_64 1.0 44.00 NOTE
r-release-windows-x86_64 1.0 10.00 95.00 105.00 NOTE
r-oldrel-macos-arm64 1.0 37.00 NOTE
r-oldrel-macos-x86_64 1.0 57.00 NOTE
r-oldrel-windows-ix86+x86_64 1.0 16.00 90.00 106.00 NOTE

Check Details

Version: 1.0
Check: LazyData
Result: NOTE
     'LazyData' is specified without a 'data' directory
Flavors: r-devel-linux-x86_64-debian-clang, r-devel-linux-x86_64-debian-gcc, r-devel-linux-x86_64-fedora-clang, r-devel-linux-x86_64-fedora-gcc, r-devel-windows-x86_64, r-patched-linux-x86_64, r-release-linux-x86_64, r-release-macos-arm64, r-release-macos-x86_64, r-release-windows-x86_64, r-oldrel-macos-arm64, r-oldrel-macos-x86_64, r-oldrel-windows-ix86+x86_64