Last updated on 2025-02-06 19:49:26 CET.
Flavor | Version | Tinstall | Tcheck | Ttotal | Status | Flags |
---|---|---|---|---|---|---|
r-devel-linux-x86_64-debian-clang | 0.1.0 | 2.82 | 25.57 | 28.39 | OK | |
r-devel-linux-x86_64-debian-gcc | 0.1.0 | 2.05 | 19.24 | 21.29 | OK | |
r-devel-linux-x86_64-fedora-clang | 0.1.0 | 45.65 | NOTE | |||
r-devel-linux-x86_64-fedora-gcc | 0.1.0 | 43.03 | NOTE | |||
r-devel-windows-x86_64 | 0.1.0 | 4.00 | 49.00 | 53.00 | OK | |
r-patched-linux-x86_64 | 0.1.0 | 2.84 | 23.77 | 26.61 | OK | |
r-release-linux-x86_64 | 0.1.0 | 2.14 | 23.72 | 25.86 | OK | |
r-release-macos-arm64 | 0.1.0 | 18.00 | OK | |||
r-release-macos-x86_64 | 0.1.0 | 28.00 | OK | |||
r-release-windows-x86_64 | 0.1.0 | 4.00 | 45.00 | 49.00 | OK | |
r-oldrel-macos-arm64 | 0.1.0 | 20.00 | OK | |||
r-oldrel-macos-x86_64 | 0.1.0 | 24.00 | OK | |||
r-oldrel-windows-x86_64 | 0.1.0 | 5.00 | 50.00 | 55.00 | OK |
Version: 0.1.0
Check: dependencies in R code
Result: NOTE
Namespace in Imports field not imported from: ‘dplyr’
All declared Imports should be used.
Flavors: r-devel-linux-x86_64-fedora-clang, r-devel-linux-x86_64-fedora-gcc