Last updated on 2024-04-18 21:56:54 CEST.
Flavor | Version | Tinstall | Tcheck | Ttotal | Status | Flags |
---|---|---|---|---|---|---|
r-devel-linux-x86_64-debian-clang | 0.1.0 | 46.57 | 248.11 | 294.68 | NOTE | |
r-devel-linux-x86_64-debian-gcc | 0.1.0 | 35.36 | 181.61 | 216.97 | NOTE | |
r-devel-linux-x86_64-fedora-clang | 0.1.0 | 370.48 | NOTE | |||
r-devel-linux-x86_64-fedora-gcc | 0.1.0 | 343.40 | NOTE | |||
r-prerel-macos-arm64 | 0.1.0 | 88.00 | NOTE | |||
r-prerel-windows-x86_64 | 0.1.0 | 28.00 | 167.00 | 195.00 | NOTE | |
r-patched-linux-x86_64 | 0.1.0 | 28.64 | 240.71 | 269.35 | NOTE | |
r-release-linux-x86_64 | 0.1.0 | 30.24 | 238.84 | 269.08 | NOTE | |
r-release-macos-arm64 | 0.1.0 | 84.00 | NOTE | |||
r-release-macos-x86_64 | 0.1.0 | 149.00 | NOTE | |||
r-release-windows-x86_64 | 0.1.0 | 38.00 | 211.00 | 249.00 | NOTE | |
r-oldrel-macos-arm64 | 0.1.0 | 67.00 | OK | |||
r-oldrel-windows-x86_64 | 0.1.0 | 37.00 | 207.00 | 244.00 | OK |
Version: 0.1.0
Check: package subdirectories
Result: NOTE
Problems with news in ‘NEWS.md’:
Cannot extract version info from the following section titles:
INSPECTumours (development version)
Flavors: r-devel-linux-x86_64-debian-clang, r-devel-linux-x86_64-debian-gcc, r-devel-linux-x86_64-fedora-clang, r-devel-linux-x86_64-fedora-gcc, r-prerel-macos-arm64, r-prerel-windows-x86_64, r-patched-linux-x86_64, r-release-linux-x86_64, r-release-macos-arm64, r-release-macos-x86_64, r-release-windows-x86_64
Version: 0.1.0
Check: package dependencies
Result: NOTE
Imports includes 25 non-default packages.
Importing from so many packages makes the package vulnerable to any of
them becoming unavailable. Move as many as possible to Suggests and
use conditionally.
Flavor: r-devel-linux-x86_64-fedora-clang