Last updated on 2025-05-09 20:49:52 CEST.
Flavor | Version | Tinstall | Tcheck | Ttotal | Status | Flags |
---|---|---|---|---|---|---|
r-devel-linux-x86_64-debian-clang | 0.1.0 | 2.25 | 23.29 | 25.54 | NOTE | |
r-devel-linux-x86_64-debian-gcc | 0.1.0 | 1.42 | 18.73 | 20.15 | NOTE | |
r-devel-linux-x86_64-fedora-clang | 0.1.0 | 40.83 | OK | |||
r-devel-linux-x86_64-fedora-gcc | 0.1.0 | 39.02 | OK | |||
r-devel-windows-x86_64 | 0.1.0 | 3.00 | 44.00 | 47.00 | OK | |
r-patched-linux-x86_64 | 0.1.0 | 2.33 | 22.27 | 24.60 | OK | |
r-release-linux-x86_64 | 0.1.0 | 2.18 | 22.20 | 24.38 | OK | |
r-release-macos-arm64 | 0.1.0 | 19.00 | OK | |||
r-release-macos-x86_64 | 0.1.0 | 29.00 | OK | |||
r-release-windows-x86_64 | 0.1.0 | 3.00 | 46.00 | 49.00 | OK | |
r-oldrel-macos-arm64 | 0.1.0 | 16.00 | OK | |||
r-oldrel-macos-x86_64 | 0.1.0 | 25.00 | OK | |||
r-oldrel-windows-x86_64 | 0.1.0 | 4.00 | 48.00 | 52.00 | OK |
Version: 0.1.0
Check: CRAN incoming feasibility
Result: NOTE
Maintainer: ‘Nitesh Kumar Sharma <sharmanitesh.iasri@gmail.com>’
No Authors@R field in DESCRIPTION.
Please add one, modifying
Authors@R: c(person(given = c("Nitesh", "Kumar"),
family = "Sharma",
role = c("aut", "cre"),
email = "sharmanitesh.iasri@gmail.com"),
person(given = c("Dwijesh", "Chandra"),
family = "Mishra",
role = "aut"),
person(given = "Neeraj",
family = "Budhlakoti",
role = "aut"),
person(given = c("Md.", "Samir"),
family = "Farooqi",
role = "aut"))
as necessary.
Flavors: r-devel-linux-x86_64-debian-clang, r-devel-linux-x86_64-debian-gcc