Last updated on 2024-08-15 20:48:18 CEST.
Flavor | Version | Tinstall | Tcheck | Ttotal | Status | Flags |
---|---|---|---|---|---|---|
r-devel-linux-x86_64-debian-clang | 0.1.0 | 3.38 | 66.98 | 70.36 | NOTE | |
r-devel-linux-x86_64-debian-gcc | 0.1.0 | 2.77 | 47.92 | 50.69 | NOTE | |
r-devel-linux-x86_64-fedora-clang | 0.1.0 | 114.23 | NOTE | |||
r-devel-linux-x86_64-fedora-gcc | 0.1.0 | 111.68 | NOTE | |||
r-devel-windows-x86_64 | 0.1.0 | 4.00 | 126.00 | 130.00 | NOTE | |
r-patched-linux-x86_64 | 0.1.0 | 4.30 | 61.17 | 65.47 | NOTE | |
r-release-linux-x86_64 | 0.1.0 | 3.25 | 61.59 | 64.84 | NOTE | |
r-release-macos-arm64 | 0.1.0 | 40.00 | NOTE | |||
r-release-macos-x86_64 | 0.1.0 | 61.00 | NOTE | |||
r-release-windows-x86_64 | 0.1.0 | 6.00 | 126.00 | 132.00 | NOTE | |
r-oldrel-macos-arm64 | 0.1.0 | 38.00 | NOTE | |||
r-oldrel-macos-x86_64 | 0.1.0 | 59.00 | NOTE | |||
r-oldrel-windows-x86_64 | 0.1.0 | 4.00 | 108.00 | 112.00 | NOTE |
Version: 0.1.0
Check: LazyData
Result: NOTE
'LazyData' is specified without a 'data' directory
Flavors: r-devel-linux-x86_64-debian-clang, r-devel-linux-x86_64-debian-gcc, r-devel-linux-x86_64-fedora-clang, r-devel-linux-x86_64-fedora-gcc, r-devel-windows-x86_64, r-patched-linux-x86_64, r-release-linux-x86_64, r-release-macos-arm64, r-release-macos-x86_64, r-release-windows-x86_64, r-oldrel-macos-arm64, r-oldrel-macos-x86_64, r-oldrel-windows-x86_64