Last updated on 2024-04-23 20:52:06 CEST.
Flavor | Version | Tinstall | Tcheck | Ttotal | Status | Flags |
---|---|---|---|---|---|---|
r-devel-linux-x86_64-debian-clang | 2.1 | 7.32 | 77.99 | 85.31 | OK | |
r-devel-linux-x86_64-debian-gcc | 2.1 | 6.02 | 57.60 | 63.62 | OK | |
r-devel-linux-x86_64-fedora-clang | 2.1 | 108.37 | NOTE | |||
r-devel-linux-x86_64-fedora-gcc | 2.1 | 113.26 | NOTE | |||
r-prerel-macos-arm64 | 2.1 | 39.00 | OK | |||
r-prerel-windows-x86_64 | 2.1 | 9.00 | 90.00 | 99.00 | OK | |
r-patched-linux-x86_64 | 2.1 | 7.46 | 72.33 | 79.79 | OK | |
r-release-linux-x86_64 | 2.1 | 5.94 | 72.22 | 78.16 | OK | |
r-release-macos-arm64 | 2.1 | 40.00 | OK | |||
r-release-macos-x86_64 | 2.1 | 56.00 | OK | |||
r-release-windows-x86_64 | 2.1 | 11.00 | 97.00 | 108.00 | OK | |
r-oldrel-macos-arm64 | 2.1 | 32.00 | NOTE | |||
r-oldrel-windows-x86_64 | 2.1 | 10.00 | 97.00 | 107.00 | OK |
Version: 2.1
Check: dependencies in R code
Result: NOTE
Namespace in Imports field not imported from: ‘kableExtra’
All declared Imports should be used.
Flavors: r-devel-linux-x86_64-fedora-clang, r-devel-linux-x86_64-fedora-gcc, r-oldrel-macos-arm64